{"id":1800,"date":"2015-09-23T13:34:09","date_gmt":"2015-09-23T13:34:09","guid":{"rendered":"http:\/\/oberle-stiftung.de\/?page_id=1800"},"modified":"2020-08-25T10:32:53","modified_gmt":"2020-08-25T10:32:53","slug":"ich-moechte-leben","status":"publish","type":"page","link":"https:\/\/oberle-stiftung.de\/?page_id=1800","title":{"rendered":"Ich m\u00f6chte leben!"},"content":{"rendered":"<p><strong><a href=\"http:\/\/oberle-stiftung.de\/wp-content\/uploads\/2015\/09\/EH-Rolando-bei-P.Aldo_.jpg\"><img loading=\"lazy\" decoding=\"async\" class=\"alignright size-thumbnail wp-image-1803\" src=\"http:\/\/oberle-stiftung.de\/wp-content\/uploads\/2015\/09\/EH-Rolando-bei-P.Aldo_-150x150.jpg\" alt=\"EH Rolando bei P.Aldo\" width=\"150\" height=\"150\" \/><\/a>Ein Hilferuf aus Juliaca \/ Peru<\/strong><\/p>\n<p>&#8222;Ich hei\u00dfe Rolando Zela Zapana, ich lebe in Juliaca in einem Zimmer aus Adobe, zusammen mit meiner Frau Teresa und meinen 4 Kindern: Ruth 12 Jahre, Cristian 10 Jahre, Hugo 8 Jahre und Janeth 2 Jahre alt. Ich selbst bin 41 und arbeitete mit einem Triciclo (Transportfahrrad), um meine Familie zu ern\u00e4hren. Meine Frau Teresa strickt Handschuhe,\u00a0 um mich zu unterst\u00fctzen. Ich kann nicht mehr arbeiten, weil ich durch meine Krankheit fast mein gesamtes Augenlicht verloren habe\u00a0 &#8230;<\/p>\n<p><!--more--><\/p>\n<p>Nur auf dem rechten Auge kann ich noch ein bisschen sehen. Die \u00c4rzte sagen mir, dass ich eine Krebsart habe, die sie nicht kennen. Ihre Behandlung hat meinen Augen bisher nicht geholfen. Ich habe Tumore hinter den Geh\u00f6rg\u00e4ngen und im Gesicht.<br \/>\nMeine Kinder sind in Juliaca geblieben und in diesem Jahr k\u00f6nnen sie nicht zur Schule. Mein Vater, der sie versorgt hat, ist gestorben. Jetzt sind sie bei meinem Bruder Roger. Ich habe kein Geld,\u00a0 um es ihnen zu schicken. So arbeiten meine Kinder als Stra\u00dfenverk\u00e4ufer, um ihr Essen zahlen zu k\u00f6nnen. Meine Frau kann nicht l\u00e4nger Handschuhe stricken, weil sie mit mir nach Lima gekommen ist, um mich dort im Krankenhaus zu begleiten. Wir geben jetzt alles\u00a0 was wir besitzen f\u00fcr Chemotherapie aus. Aber mir geht es immer noch nicht besser. Mir geht es schlecht. Ich werde wohl gar nicht mehr sehen k\u00f6nnen. Die Chemotherapie macht alles nur noch schlechter.<\/p>\n<p><a href=\"http:\/\/oberle-stiftung.de\/wp-content\/uploads\/2015\/09\/EH-Rolando-bei-P.Aldo_.jpg\"><img loading=\"lazy\" decoding=\"async\" class=\"aligncenter  wp-image-1803\" src=\"http:\/\/oberle-stiftung.de\/wp-content\/uploads\/2015\/09\/EH-Rolando-bei-P.Aldo_.jpg\" alt=\"EH Rolando bei P.Aldo\" width=\"390\" height=\"292\" srcset=\"https:\/\/oberle-stiftung.de\/wp-content\/uploads\/2015\/09\/EH-Rolando-bei-P.Aldo_.jpg 1036w, https:\/\/oberle-stiftung.de\/wp-content\/uploads\/2015\/09\/EH-Rolando-bei-P.Aldo_-300x225.jpg 300w, https:\/\/oberle-stiftung.de\/wp-content\/uploads\/2015\/09\/EH-Rolando-bei-P.Aldo_-1024x767.jpg 1024w\" sizes=\"auto, (max-width: 390px) 100vw, 390px\" \/><\/a><br \/>\nMeine Kinder sind noch klein und brauchen mich. Meine Frau Teresa schafft es nicht alleine, sie zu ern\u00e4hren. Ich will gesund werden. F\u00fcr meine Familie. Aber jetzt habe ich kein Geld mehr.<br \/>\nDeshalb bitte ich jetzt um Hilfe. Um weiterleben zu k\u00f6nnen und damit meine Familie nicht allein bleiben muss. Bitte helft mir! Ich will leben. Ich habe nichts, womit ich eine weitere Behandlung bezahlen k\u00f6nnte.<br \/>\nIch hoffe, dass Gott mich erh\u00f6rt und dass Du mir helfen kannst.&#8220;<\/p>\n<p>Rolando Zela<\/p>\n<p>Wir haben\u00a0 Rolando daraufhin pers\u00f6nlich besucht, bei Padre Aldo im <a href=\"http:\/\/Hogar Enrique Rebuccini\">&#8222;Hogar Enrique Rebuccini&#8220; in Lima, <\/a>einem \u00dcbergangsheim f\u00fcr Krebskranke.<br \/>\nWir haben mit ihm gesprochen und ihm &#8211; so gut es ging &#8211; geholfen.<br \/>\nAber der Krebs war weit fortgeschritten und Rolando verstarb schlie\u00dflich.<\/p>\n<p>Wir haben seine Kinder gesucht, oben in den Bergen, in den Elendsvierteln von Juliaca. Aber die Armen in diesen Gegenden haben noch nicht einmal eine richtige Adresse.<\/p>\n<p>So haben wir die Kinder nicht gefunden, denen wir zu helfen dem sterbenden Vater versprochen hatten.<\/p>\n","protected":false},"excerpt":{"rendered":"<p>Ein Hilferuf aus Juliaca \/ Peru &#8222;Ich hei\u00dfe Rolando Zela Zapana, ich lebe in Juliaca in einem Zimmer aus Adobe, zusammen mit meiner Frau Teresa und meinen 4 Kindern: Ruth 12 Jahre, Cristian 10 Jahre, Hugo 8 Jahre und Janeth 2 Jahre alt. Ich selbst bin 41 und arbeitete mit einem Triciclo (Transportfahrrad), um meine &hellip; <a href=\"https:\/\/oberle-stiftung.de\/?page_id=1800\" class=\"more-link\"><span class=\"screen-reader-text\">Ich m\u00f6chte leben!<\/span> weiterlesen <span class=\"meta-nav\">&rarr;<\/span><\/a><\/p>\n","protected":false},"author":3,"featured_media":0,"parent":58,"menu_order":0,"comment_status":"closed","ping_status":"closed","template":"","meta":{"ngg_post_thumbnail":0,"footnotes":""},"categories":[38,13,9],"tags":[],"class_list":["post-1800","page","type-page","status-publish","hentry","category-hilfen-fuer-einzelne-menschen","category-hilfen-fuer-kranke-menschen","category-peru"],"_links":{"self":[{"href":"https:\/\/oberle-stiftung.de\/index.php?rest_route=\/wp\/v2\/pages\/1800","targetHints":{"allow":["GET"]}}],"collection":[{"href":"https:\/\/oberle-stiftung.de\/index.php?rest_route=\/wp\/v2\/pages"}],"about":[{"href":"https:\/\/oberle-stiftung.de\/index.php?rest_route=\/wp\/v2\/types\/page"}],"author":[{"embeddable":true,"href":"https:\/\/oberle-stiftung.de\/index.php?rest_route=\/wp\/v2\/users\/3"}],"replies":[{"embeddable":true,"href":"https:\/\/oberle-stiftung.de\/index.php?rest_route=%2Fwp%2Fv2%2Fcomments&post=1800"}],"version-history":[{"count":9,"href":"https:\/\/oberle-stiftung.de\/index.php?rest_route=\/wp\/v2\/pages\/1800\/revisions"}],"predecessor-version":[{"id":2827,"href":"https:\/\/oberle-stiftung.de\/index.php?rest_route=\/wp\/v2\/pages\/1800\/revisions\/2827"}],"up":[{"embeddable":true,"href":"https:\/\/oberle-stiftung.de\/index.php?rest_route=\/wp\/v2\/pages\/58"}],"wp:attachment":[{"href":"https:\/\/oberle-stiftung.de\/index.php?rest_route=%2Fwp%2Fv2%2Fmedia&parent=1800"}],"wp:term":[{"taxonomy":"category","embeddable":true,"href":"https:\/\/oberle-stiftung.de\/index.php?rest_route=%2Fwp%2Fv2%2Fcategories&post=1800"},{"taxonomy":"post_tag","embeddable":true,"href":"https:\/\/oberle-stiftung.de\/index.php?rest_route=%2Fwp%2Fv2%2Ftags&post=1800"}],"curies":[{"name":"wp","href":"https:\/\/api.w.org\/{rel}","templated":true}]}}

Ich möchte leben!

<p><strong><a href="http://oberle-stiftung.de/wp-content/uploads/2015/09/EH-Rolando-bei-P.Aldo_.jpg"><img loading="lazy" decoding="async" class="alignright size-thumbnail wp-image-1803" src="http://oberle-stiftung.de/wp-content/uploads/2015/09/EH-Rolando-bei-P.Aldo_-150x150.jpg" alt="EH Rolando bei P.Aldo" width="150" height="150" /></a>Ein Hilferuf aus Juliaca / Peru</strong></p>
<p>&#8222;Ich heiße Rolando Zela Zapana, ich lebe in Juliaca in einem Zimmer aus Adobe, zusammen mit meiner Frau Teresa und meinen 4 Kindern: Ruth 12 Jahre, Cristian 10 Jahre, Hugo 8 Jahre und Janeth 2 Jahre alt. Ich selbst bin 41 und arbeitete mit einem Triciclo (Transportfahrrad), um meine Familie zu ernähren. Meine Frau Teresa strickt Handschuhe,  um mich zu unterstützen. Ich kann nicht mehr arbeiten, weil ich durch meine Krankheit fast mein gesamtes Augenlicht verloren habe  &#8230;</p>
<p><!--more--></p>
<p>Nur auf dem rechten Auge kann ich noch ein bisschen sehen. Die Ärzte sagen mir, dass ich eine Krebsart habe, die sie nicht kennen. Ihre Behandlung hat meinen Augen bisher nicht geholfen. Ich habe Tumore hinter den Gehörgängen und im Gesicht.<br />
Meine Kinder sind in Juliaca geblieben und in diesem Jahr können sie nicht zur Schule. Mein Vater, der sie versorgt hat, ist gestorben. Jetzt sind sie bei meinem Bruder Roger. Ich habe kein Geld,  um es ihnen zu schicken. So arbeiten meine Kinder als Straßenverkäufer, um ihr Essen zahlen zu können. Meine Frau kann nicht länger Handschuhe stricken, weil sie mit mir nach Lima gekommen ist, um mich dort im Krankenhaus zu begleiten. Wir geben jetzt alles  was wir besitzen für Chemotherapie aus. Aber mir geht es immer noch nicht besser. Mir geht es schlecht. Ich werde wohl gar nicht mehr sehen können. Die Chemotherapie macht alles nur noch schlechter.</p>
<p><a href="http://oberle-stiftung.de/wp-content/uploads/2015/09/EH-Rolando-bei-P.Aldo_.jpg"><img loading="lazy" decoding="async" class="aligncenter  wp-image-1803" src="http://oberle-stiftung.de/wp-content/uploads/2015/09/EH-Rolando-bei-P.Aldo_.jpg" alt="EH Rolando bei P.Aldo" width="390" height="292" srcset="https://oberle-stiftung.de/wp-content/uploads/2015/09/EH-Rolando-bei-P.Aldo_.jpg 1036w, https://oberle-stiftung.de/wp-content/uploads/2015/09/EH-Rolando-bei-P.Aldo_-300x225.jpg 300w, https://oberle-stiftung.de/wp-content/uploads/2015/09/EH-Rolando-bei-P.Aldo_-1024x767.jpg 1024w" sizes="auto, (max-width: 390px) 100vw, 390px" /></a><br />
Meine Kinder sind noch klein und brauchen mich. Meine Frau Teresa schafft es nicht alleine, sie zu ernähren. Ich will gesund werden. Für meine Familie. Aber jetzt habe ich kein Geld mehr.<br />
Deshalb bitte ich jetzt um Hilfe. Um weiterleben zu können und damit meine Familie nicht allein bleiben muss. Bitte helft mir! Ich will leben. Ich habe nichts, womit ich eine weitere Behandlung bezahlen könnte.<br />
Ich hoffe, dass Gott mich erhört und dass Du mir helfen kannst.&#8220;</p>
<p>Rolando Zela</p>
<p>Wir haben  Rolando daraufhin persönlich besucht, bei Padre Aldo im <a href="http://Hogar Enrique Rebuccini">&#8222;Hogar Enrique Rebuccini&#8220; in Lima, </a>einem Übergangsheim für Krebskranke.<br />
Wir haben mit ihm gesprochen und ihm &#8211; so gut es ging &#8211; geholfen.<br />
Aber der Krebs war weit fortgeschritten und Rolando verstarb schließlich.</p>
<p>Wir haben seine Kinder gesucht, oben in den Bergen, in den Elendsvierteln von Juliaca. Aber die Armen in diesen Gegenden haben noch nicht einmal eine richtige Adresse.</p>
<p>So haben wir die Kinder nicht gefunden, denen wir zu helfen dem sterbenden Vater versprochen hatten.</p>

<p>Ein Hilferuf aus Juliaca / Peru &#8222;Ich heiße Rolando Zela Zapana, ich lebe in Juliaca in einem Zimmer aus Adobe, zusammen mit meiner Frau Teresa und meinen 4 Kindern: Ruth 12 Jahre, Cristian 10 Jahre, Hugo 8 Jahre und Janeth 2 Jahre alt. Ich selbst bin 41 und arbeitete mit einem Triciclo (Transportfahrrad), um meine &hellip; <a href="https://oberle-stiftung.de/?page_id=1800" class="more-link"><span class="screen-reader-text">Ich möchte leben!</span> weiterlesen <span class="meta-nav">&rarr;</span></a></p>
