{"id":2020,"date":"2014-04-14T11:39:39","date_gmt":"2014-04-14T11:39:39","guid":{"rendered":"http:\/\/oberle-stiftung.de\/?page_id=2020"},"modified":"2021-01-14T11:03:12","modified_gmt":"2021-01-14T11:03:12","slug":"spannung-spiel-und-spass","status":"publish","type":"page","link":"https:\/\/oberle-stiftung.de\/?page_id=2020","title":{"rendered":"Spannung, Spiel und Spa\u00df!"},"content":{"rendered":"<p style=\"text-align: justify;\"><strong>&#8222;Three-4-five&#8220;-Turnier zwischen Freiburger Kinder \u2013 und Jugendzentren<\/strong><br \/><a href=\"http:\/\/oberle-stiftung.de\/wp-content\/uploads\/2015\/10\/Siegerehrung.jpg\"><img loading=\"lazy\" decoding=\"async\" class=\"alignright wp-image-2021 size-thumbnail\" src=\"http:\/\/oberle-stiftung.de\/wp-content\/uploads\/2015\/10\/Siegerehrung-150x150.jpg\" alt=\"Siegerehrung\" width=\"150\" height=\"150\" \/><\/a>Die Siegerehrung ist ein ganz besonderer Moment. Jeder Teilnehmer erh\u00e4lt einen Schokoriegel, die \u00a0Gewinner aber bekommen Medaillen und den hei\u00df ersehnten Wanderpokal. Medaille und Pokal sind die Gl\u00fcckstroph\u00e4en, \u00fcber die wochenlang gesprochen wird. Noch wichtiger aber sind Spannung, Spa\u00df,\u00a0 \u00fcberhaupt die Bombenstimmung und dazu die alten und neuen Freunde, die man auf dem Turnier trifft.<\/p>\n<p style=\"text-align: justify;\"><!--more--><\/p>\n<p style=\"text-align: justify;\">\u201eSo ist es jedes Jahr\u201c,\u00a0 best\u00e4tigen lachend die Sozialarbeiter eines Jugendzentrums, \u201edie Kinder und Jugendlichen stehen schon Kopf, bevor das Turnier losgeht.\u00a0 Nach dem Turnier freuen sich alle schon aufs n\u00e4chste Jahr\u201c. Inzwischen ist \u00a0&#8222;three-4-five&#8220; \u00a0im Kalenderjahr aller Kinder- und Jugendzentren Freiburgs fest verankert. Immer samstags,\u00a0 mit f\u00fcnfk\u00f6pfigen Mannschaften und immer in drei Disziplinen: Tischtennis, Billard und Tischkicker. Eine Freiburger Aktion, \u00a0die verbindet!<\/p>\n<p style=\"text-align: justify;\"><a href=\"http:\/\/oberle-stiftung.de\/wp-content\/uploads\/2015\/10\/kickerJgd.jpg\"><img loading=\"lazy\" decoding=\"async\" class=\"alignleft wp-image-2023 size-medium\" src=\"http:\/\/oberle-stiftung.de\/wp-content\/uploads\/2015\/10\/kickerJgd-300x200.jpg\" alt=\"kickerJgd\" width=\"300\" height=\"200\" srcset=\"https:\/\/oberle-stiftung.de\/wp-content\/uploads\/2015\/10\/kickerJgd-300x200.jpg 300w, https:\/\/oberle-stiftung.de\/wp-content\/uploads\/2015\/10\/kickerJgd-1024x682.jpg 1024w, https:\/\/oberle-stiftung.de\/wp-content\/uploads\/2015\/10\/kickerJgd.jpg 2000w\" sizes=\"auto, (max-width: 300px) 100vw, 300px\" \/><\/a>F\u00fcr die unter 14-J\u00e4hrigen ist das heutige \u00a0\u201ethree-4-five\u201c-Turnier schon fast vorbei, nur die letzten Tischkickerspiele stehen noch an. Am Nachmittag k\u00f6nnen sie dann die &#8222;Gr\u00f6\u00dferen&#8220; anfeuern. Aber noch \u00a0hei\u00dft es volle Konzentration f\u00fcr zwei Jungs und zwei M\u00e4dels. Wie Profis stehen sie am Kicker, gekonnt wird der Ball vom einen zum anderen Tor geschossen. Dann\u00a0 das erste Tor! Die M\u00e4dels freuen sich, die Jungs schlagen sich die H\u00e4nde vors Gesicht. Doch es gilt keine Zeit zu verlieren, denn der Ball wird gleich vom Schiri eingeworfen. Auf in die n\u00e4chste Runde! Der Ball rollt schon wieder gef\u00e4hrlich nahe ans Tor der beiden Jungs&#8230;<\/p>\n<p style=\"text-align: justify;\"><img loading=\"lazy\" decoding=\"async\" class=\"alignright wp-image-2022 size-medium\" src=\"http:\/\/oberle-stiftung.de\/wp-content\/uploads\/2015\/10\/billardGruppe-300x230.jpg\" alt=\"billardGruppe\" width=\"300\" height=\"230\" srcset=\"https:\/\/oberle-stiftung.de\/wp-content\/uploads\/2015\/10\/billardGruppe-300x230.jpg 300w, https:\/\/oberle-stiftung.de\/wp-content\/uploads\/2015\/10\/billardGruppe-1024x786.jpg 1024w, https:\/\/oberle-stiftung.de\/wp-content\/uploads\/2015\/10\/billardGruppe.jpg 1632w\" sizes=\"auto, (max-width: 300px) 100vw, 300px\" \/>Beim Billard nebenan k\u00f6nnte man eine Stecknadel fallen h\u00f6ren, obwohl eine gro\u00dfe Zuschauerzahl den Tisch umringt. Alle fiebern mit,\u00a0 \u00fcberlegen den n\u00e4chsten taktisch klugen Sto\u00df.\u00a0 Am Schluss freuen sich alle mit dem Gewinner und muntern den Verlierer auf. &#8222;Das Spielen ist wichtig, nicht das Gewinnen&#8220;, sagt Marco, der mit Eljas, Philipp, Berent und Samuel (alle 13 Jahre alt) f\u00fcr das Jugendhilfswerk angetreten ist. Au\u00dferdem gibt es ja noch ein paar weitere Spiele, es gilt also: \u201eNeues Spiel, neues Gl\u00fcck\u201c. Nachmittags bei den &#8222;Gro\u00dfen&#8220; h\u00f6rt man als Aufmunterung \u00fcbrigens dann schon mal des \u00d6fteren: \u201ePech im Spiel, Gl\u00fcck in der Liebe\u201c.<\/p>\n<p style=\"text-align: justify;\"><a href=\"http:\/\/oberle-stiftung.de\/wp-content\/uploads\/2015\/10\/Chummy.jpg\"><img loading=\"lazy\" decoding=\"async\" class=\"alignleft wp-image-2024 size-medium\" src=\"http:\/\/oberle-stiftung.de\/wp-content\/uploads\/2015\/10\/Chummy-300x198.jpg\" alt=\"Chummy\" width=\"300\" height=\"198\" srcset=\"https:\/\/oberle-stiftung.de\/wp-content\/uploads\/2015\/10\/Chummy-300x198.jpg 300w, https:\/\/oberle-stiftung.de\/wp-content\/uploads\/2015\/10\/Chummy-1024x676.jpg 1024w, https:\/\/oberle-stiftung.de\/wp-content\/uploads\/2015\/10\/Chummy.jpg 2000w\" sizes=\"auto, (max-width: 300px) 100vw, 300px\" \/><\/a>Hinter der Theke machen jetzt die Spielleiter rund um Frank Hebda (genannt &#8222;Jagger&#8220;) vom Haus der Begegnung in Landwasser die Urkunden fertig. Die Mitarbeiter haben beim Turnier alle H\u00e4nde voll zu tun.\u00a0 Als Schiris sorgen sie f\u00fcr den reibungslosen Ablauf, andere wirken im Hintergrund mit.<\/p>\n<p style=\"text-align: justify;\">Frank Hebda hatte Im Jahr 2000 als Sozialarbeiter-Praktikant die Idee\u00a0 f\u00fcr das Turnier entwickelt und erstmals umgesetzt. Es sollte ein Projekt sein, \u00a0das alle Jugendzentren zusammenf\u00fchrt. Auch 15 Jahre danach lebt die Idee weiter. Neu sind seit ein paar Jahren die Medaillen f\u00fcr die jeweils drei Gewinnerteams, die mit Unterst\u00fctzung der Oberle-Stiftung finanziert werden. Auch die Erfindung der Sonderpreise ist beim &#8222;three-4-five&#8220;-Turnier neu. Dieses Jahr haben sich manche Teams n\u00e4mlich richtige Phantasienamen ausgesucht. Die &#8222;Hinterhauschiller&#8220; vom Jugendtreff Br\u00fchl-Beurbarung bekommen daf\u00fcr sp\u00e4ter sogar einen Sonderpreis.<\/p>\n<p style=\"text-align: justify;\"><a href=\"http:\/\/oberle-stiftung.de\/wp-content\/uploads\/2015\/10\/Siegerehrung.jpg\"><img loading=\"lazy\" decoding=\"async\" class=\"  wp-image-2021 aligncenter\" src=\"http:\/\/oberle-stiftung.de\/wp-content\/uploads\/2015\/10\/Siegerehrung-300x183.jpg\" alt=\"Siegerehrung\" width=\"370\" height=\"226\" srcset=\"https:\/\/oberle-stiftung.de\/wp-content\/uploads\/2015\/10\/Siegerehrung-300x183.jpg 300w, https:\/\/oberle-stiftung.de\/wp-content\/uploads\/2015\/10\/Siegerehrung-1024x623.jpg 1024w, https:\/\/oberle-stiftung.de\/wp-content\/uploads\/2015\/10\/Siegerehrung.jpg 2000w\" sizes=\"auto, (max-width: 370px) 100vw, 370px\" \/><\/a><\/p>\n<p style=\"text-align: justify;\">Bei so viel Spannung, Spiel und Spa\u00df darf eine Verk\u00f6stigung nat\u00fcrlich nicht fehlen. Jugendliche aus dem Jugendzentrum Weingarten, die nach Berlin fahren m\u00f6chten, verkaufen Kuchen und Hot Dogs, um die Gruppenkasse aufzubessern. Nach den Spielen und der Siegerehrung wird das B\u00fcfett dann regelrecht gepl\u00fcndert. Die Spielerinnen und Spieler freuen sich dar\u00fcber genauso sehr wie die Jugendlichen aus dem Jugendzentrum Weingarten.<\/p>\n<p style=\"text-align: justify;\">Das Res\u00fcmee der Sozialarbeiterin Fr. Romy Weidenhof am Ende des Tages klingt super: \u201eEs haben 75 SpielerInnen aus 12 H\u00e4usern am Turnier teilgenommen, ca. 50 BesucherInnen kamen ins Jugi und 8 unserer Jugendlichen haben den Essensverkauf \u00fcbernommen. Es kamen 100 \u20ac in die Berlin-Freizeitkasse. Das Turnier war eine richtig tolle Veranstaltung, die Stimmung war gut und die Siegermedaillen kamen sehr gut an.\u201c<\/p>\n<p style=\"text-align: justify;\"><a href=\"http:\/\/www.badische-zeitung.de\/freiburg-suedwest\/baelle-spass-und-spannende-spiele\" target=\"_blank\" rel=\"noopener noreferrer\"><strong>B\u00e4lle, Spa\u00df und spannende Spiele<\/strong> (ver\u00f6ffentlicht am Di, 06. M\u00e4rz 2012 auf badische-zeitung.de)<\/a><\/p>\n<p style=\"text-align: justify;\"><a href=\"http:\/\/www.badische-zeitung.de\/freiburg-suedwest\/die-freestyle-kids--70217030.html\" target=\"_blank\" rel=\"noopener noreferrer\"><strong>DIE &#8222;FREESTYLE KIDS&#8220;<\/strong> (ver\u00f6ffentlicht am Do, 21. M\u00e4rz 2013 auf badische-zeitung.de)<\/a><\/p>\n<p style=\"text-align: justify;\"><a href=\"http:\/\/www.badische-zeitung.de\/freiburg\/glueckliche--82731299.html\" target=\"_blank\" rel=\"noopener noreferrer\"><strong>GL\u00dcCKLICHE<\/strong> (ver\u00f6ffentlicht am Fr, 04. April 2014 auf badische-zeitung.de)<\/a><\/p>\n<p style=\"text-align: justify;\">\u00a0<\/p>\n\n","protected":false},"excerpt":{"rendered":"<p>&#8222;Three-4-five&#8220;-Turnier zwischen Freiburger Kinder \u2013 und JugendzentrenDie Siegerehrung ist ein ganz besonderer Moment. Jeder Teilnehmer erh\u00e4lt einen Schokoriegel, die \u00a0Gewinner aber bekommen Medaillen und den hei\u00df ersehnten Wanderpokal. Medaille und Pokal sind die Gl\u00fcckstroph\u00e4en, \u00fcber die wochenlang gesprochen wird. Noch wichtiger aber sind Spannung, Spa\u00df,\u00a0 \u00fcberhaupt die Bombenstimmung und dazu die alten und neuen Freunde, &hellip; <a href=\"https:\/\/oberle-stiftung.de\/?page_id=2020\" class=\"more-link\"><span class=\"screen-reader-text\">Spannung, Spiel und Spa\u00df!<\/span> weiterlesen <span class=\"meta-nav\">&rarr;<\/span><\/a><\/p>\n","protected":false},"author":3,"featured_media":0,"parent":58,"menu_order":0,"comment_status":"closed","ping_status":"closed","template":"","meta":{"ngg_post_thumbnail":0,"footnotes":""},"categories":[20,35,21],"tags":[],"class_list":["post-2020","page","type-page","status-publish","hentry","category-deutschland","category-hilfen-fuer-kinder-u-jugendliche","category-region-freiburg"],"_links":{"self":[{"href":"https:\/\/oberle-stiftung.de\/index.php?rest_route=\/wp\/v2\/pages\/2020","targetHints":{"allow":["GET"]}}],"collection":[{"href":"https:\/\/oberle-stiftung.de\/index.php?rest_route=\/wp\/v2\/pages"}],"about":[{"href":"https:\/\/oberle-stiftung.de\/index.php?rest_route=\/wp\/v2\/types\/page"}],"author":[{"embeddable":true,"href":"https:\/\/oberle-stiftung.de\/index.php?rest_route=\/wp\/v2\/users\/3"}],"replies":[{"embeddable":true,"href":"https:\/\/oberle-stiftung.de\/index.php?rest_route=%2Fwp%2Fv2%2Fcomments&post=2020"}],"version-history":[{"count":12,"href":"https:\/\/oberle-stiftung.de\/index.php?rest_route=\/wp\/v2\/pages\/2020\/revisions"}],"predecessor-version":[{"id":3239,"href":"https:\/\/oberle-stiftung.de\/index.php?rest_route=\/wp\/v2\/pages\/2020\/revisions\/3239"}],"up":[{"embeddable":true,"href":"https:\/\/oberle-stiftung.de\/index.php?rest_route=\/wp\/v2\/pages\/58"}],"wp:attachment":[{"href":"https:\/\/oberle-stiftung.de\/index.php?rest_route=%2Fwp%2Fv2%2Fmedia&parent=2020"}],"wp:term":[{"taxonomy":"category","embeddable":true,"href":"https:\/\/oberle-stiftung.de\/index.php?rest_route=%2Fwp%2Fv2%2Fcategories&post=2020"},{"taxonomy":"post_tag","embeddable":true,"href":"https:\/\/oberle-stiftung.de\/index.php?rest_route=%2Fwp%2Fv2%2Ftags&post=2020"}],"curies":[{"name":"wp","href":"https:\/\/api.w.org\/{rel}","templated":true}]}}