{"id":218,"date":"2015-04-08T17:12:19","date_gmt":"2015-04-08T17:12:19","guid":{"rendered":"http:\/\/oberle-stiftung.de\/?page_id=218"},"modified":"2020-08-27T12:39:35","modified_gmt":"2020-08-27T12:39:35","slug":"ein-brunnen-fuer-die-massai","status":"publish","type":"page","link":"https:\/\/oberle-stiftung.de\/?page_id=218","title":{"rendered":"Ein Brunnen f\u00fcr die Massai"},"content":{"rendered":"<p style=\"text-align: justify;\"><strong><a href=\"http:\/\/oberle-stiftung.de\/wp-content\/uploads\/2015\/04\/Mann_jbo60062.jpg\"><img loading=\"lazy\" decoding=\"async\" class=\"alignright size-thumbnail wp-image-318\" src=\"http:\/\/oberle-stiftung.de\/wp-content\/uploads\/2015\/04\/Mann_jbo60062-150x150.jpg\" alt=\"Massai in Tansania\" width=\"150\" height=\"150\" \/><\/a>Wasser<\/strong> ist dort, wo es keines gibt, das gr\u00f6\u00dfte Problem.<br \/>\nDie Massai, eines der letzten Nomadenv\u00f6lker der Welt, haben es traditionell auf ihre Weise gel\u00f6st: Mit Sack und Pack und ihren Herden ziehen sie dem Wasser hinterher.<br \/>\nDoch das freie Weideland ist knapp geworden. Aus den Nationalparks wie der Serengeti sind sie schon lange vertrieben worden,\u00a0 die fruchtbareren B\u00f6den haben die sesshaften Bauernv\u00f6lker besetzt.<!--more--><\/p>\n<p style=\"text-align: justify;\"><a href=\"http:\/\/oberle-stiftung.de\/wp-content\/uploads\/2015\/03\/Herde1_nah_jbo60038.jpg\"><img loading=\"lazy\" decoding=\"async\" class=\"alignleft  wp-image-172\" src=\"http:\/\/oberle-stiftung.de\/wp-content\/uploads\/2015\/03\/Herde1_nah_jbo60038-300x196.jpg\" alt=\"Massai in Tansania\" width=\"292\" height=\"191\" srcset=\"https:\/\/oberle-stiftung.de\/wp-content\/uploads\/2015\/03\/Herde1_nah_jbo60038-300x196.jpg 300w, https:\/\/oberle-stiftung.de\/wp-content\/uploads\/2015\/03\/Herde1_nah_jbo60038-1024x669.jpg 1024w\" sizes=\"auto, (max-width: 292px) 100vw, 292px\" \/><\/a>Der wichtigste Besitz der Massai sind ihre Zebu-Rinder, jene z\u00e4he Rasse, die nur drei Mal pro Woche getr\u00e4nkt werden muss und gro\u00dfe Distanzen bei enormer Hitze \u00fcberwinden kann. Die gro\u00dfgewachsenen und schlanken Massai kommen auf ihren Wanderungen mit 3 Liter Milch pro Tag aus, und ern\u00e4hren sich zur Not auch vom Blut der Rinder, das sie nach einem kleinen Schnitt in die Rinderhaut direkt aus den Tieren trinken.<\/p>\n<p style=\"text-align: justify;\"><a href=\"http:\/\/oberle-stiftung.de\/wp-content\/uploads\/2015\/04\/Brunnen_jbo60074.jpg\"><img loading=\"lazy\" decoding=\"async\" class=\"alignright  wp-image-227\" src=\"http:\/\/oberle-stiftung.de\/wp-content\/uploads\/2015\/04\/Brunnen_jbo60074-300x197.jpg\" alt=\"Brunnen_jbo60074\" width=\"292\" height=\"192\" srcset=\"https:\/\/oberle-stiftung.de\/wp-content\/uploads\/2015\/04\/Brunnen_jbo60074-300x197.jpg 300w, https:\/\/oberle-stiftung.de\/wp-content\/uploads\/2015\/04\/Brunnen_jbo60074-1024x671.jpg 1024w\" sizes=\"auto, (max-width: 292px) 100vw, 292px\" \/><\/a><\/p>\n<p style=\"text-align: justify;\">Aber die zunehmenden D\u00fcrreperioden bringen ihren Tieren und damit letztlich auch diesen eleganten und stolzen Menschen\u00a0 samt\u00a0 ihrer Lebensweise den Tod.<\/p>\n<p style=\"text-align: justify;\">Die Oberle-Stiftung half den Massai Zisternen in der Steppe zu bauen.<\/p>\n<p style=\"text-align: justify;\"><a href=\"http:\/\/oberle-stiftung.de\/wp-content\/uploads\/2015\/04\/Kath_SitzGrupp_jbo60056.jpg\"><img loading=\"lazy\" decoding=\"async\" class=\"alignleft  wp-image-317\" src=\"http:\/\/oberle-stiftung.de\/wp-content\/uploads\/2015\/04\/Kath_SitzGrupp_jbo60056-300x196.jpg\" alt=\"Massai in Tansania\" width=\"288\" height=\"188\" srcset=\"https:\/\/oberle-stiftung.de\/wp-content\/uploads\/2015\/04\/Kath_SitzGrupp_jbo60056-300x196.jpg 300w, https:\/\/oberle-stiftung.de\/wp-content\/uploads\/2015\/04\/Kath_SitzGrupp_jbo60056-1024x670.jpg 1024w\" sizes=\"auto, (max-width: 288px) 100vw, 288px\" \/><\/a>Die Hilfe ging \u00fcber Schwester Katharina Kraus (\u201edie schw\u00e4bische Massai\u201c), die seit einem Vierteljahrhundert mit und f\u00fcr die Massai lebt.<br \/>\nJahrelang ist sie mit ihrem Jeep hinaus in die Savanne gefahren. Sie hat die N\u00e4chte allein in ihrem Wagen in der Steppe verbracht und sich wie die Massai mit Rinderurin gewaschen. Sie hat auf ein geregeltes Leben verzichtet um den Massai nah zu sein, um ihr Vertrauen und ihre Herzen zu gewinnen. Dabei konnte sie als Veterin\u00e4rmedizinerin den Massai wichtige Hilfen zur Gesunderhaltung ihrer Herden leisten.<\/p>\n<p style=\"text-align: justify;\"><a href=\"http:\/\/oberle-stiftung.de\/wp-content\/uploads\/2015\/04\/Frau1_jbo60058.jpg\"><img loading=\"lazy\" decoding=\"async\" class=\"alignright  wp-image-228\" src=\"http:\/\/oberle-stiftung.de\/wp-content\/uploads\/2015\/04\/Frau1_jbo60058-195x300.jpg\" alt=\"Massai in Tansania\" width=\"119\" height=\"183\" srcset=\"https:\/\/oberle-stiftung.de\/wp-content\/uploads\/2015\/04\/Frau1_jbo60058-195x300.jpg 195w, https:\/\/oberle-stiftung.de\/wp-content\/uploads\/2015\/04\/Frau1_jbo60058-667x1024.jpg 667w\" sizes=\"auto, (max-width: 119px) 100vw, 119px\" \/><\/a>Immer noch fasziniert von der &#8211; wie sie sagt &#8211; &#8222;alttestamentarischen Lebensweise&#8220; der Massai, f\u00e4hrt sie liebevoll fort: &#8222;F\u00fcr mich brennt der Dornbusch immer noch in der Steppe.&#8220;<br \/>\nSchwester Katharina erf\u00fcllt viele Rollen. Neben Tier\u00e4rztin, Katechetin, K\u00fcnstlerin, Lehrerin, Managerin einer Missionsstation ist nun noch eine weitere hinzugekommen \u2013 die Baumeisterin: &#8222;Die Gemeinde der Bantu ist so stark gewachsen, dass wir jedes Jahr Au\u00dfenstationen errichten&#8220;, erz\u00e4hlt Schwester Katharina. &#8222;Wir fangen mit einer Zisterne an. Denn am Anfang braucht\u00a0 man Wasser\u201c.<\/p>\n<p><a href=\"http:\/\/oberle-stiftung.de\/wp-content\/uploads\/2015\/04\/Mann_jbo60062.jpg\"><img loading=\"lazy\" decoding=\"async\" class=\"  wp-image-318 alignleft\" src=\"http:\/\/oberle-stiftung.de\/wp-content\/uploads\/2015\/04\/Mann_jbo60062-197x300.jpg\" alt=\"Massai in Tansania\" width=\"89\" height=\"135\" srcset=\"https:\/\/oberle-stiftung.de\/wp-content\/uploads\/2015\/04\/Mann_jbo60062-197x300.jpg 197w, https:\/\/oberle-stiftung.de\/wp-content\/uploads\/2015\/04\/Mann_jbo60062-672x1024.jpg 672w\" sizes=\"auto, (max-width: 89px) 100vw, 89px\" \/><\/a>Auch eine der ungew\u00f6hnlichsten Einzelhilfen der Oberle-Stiftung ging in die tansanische Steppe: Eine Prothese f\u00fcr einen Massai, dessen Bein einem L\u00f6wen zum Opfer gefallen war.<br \/>\nAls die Prothese angelegt wurde, betrachteten alle neugierig das neue, ungew\u00f6hnliche Bein . Die &#8222;enchipai&#8220; (Freude) war gro\u00df als der junge Mann wieder laufen konnte.<\/p>\n","protected":false},"excerpt":{"rendered":"<p>Wasser ist dort, wo es keines gibt, das gr\u00f6\u00dfte Problem. Die Massai, eines der letzten Nomadenv\u00f6lker der Welt, haben es traditionell auf ihre Weise gel\u00f6st: Mit Sack und Pack und ihren Herden ziehen sie dem Wasser hinterher. Doch das freie Weideland ist knapp geworden. Aus den Nationalparks wie der Serengeti sind sie schon lange vertrieben &hellip; <a href=\"https:\/\/oberle-stiftung.de\/?page_id=218\" class=\"more-link\"><span class=\"screen-reader-text\">Ein Brunnen f\u00fcr die Massai<\/span> weiterlesen <span class=\"meta-nav\">&rarr;<\/span><\/a><\/p>\n","protected":false},"author":8,"featured_media":0,"parent":58,"menu_order":0,"comment_status":"open","ping_status":"open","template":"","meta":{"ngg_post_thumbnail":0,"footnotes":""},"categories":[41,40,18],"tags":[],"class_list":["post-218","page","type-page","status-publish","hentry","category-hilfen-fuer-wasser","category-hilfen-fuer-spezielle-volkgruppen","category-ost-afrika"],"_links":{"self":[{"href":"https:\/\/oberle-stiftung.de\/index.php?rest_route=\/wp\/v2\/pages\/218","targetHints":{"allow":["GET"]}}],"collection":[{"href":"https:\/\/oberle-stiftung.de\/index.php?rest_route=\/wp\/v2\/pages"}],"about":[{"href":"https:\/\/oberle-stiftung.de\/index.php?rest_route=\/wp\/v2\/types\/page"}],"author":[{"embeddable":true,"href":"https:\/\/oberle-stiftung.de\/index.php?rest_route=\/wp\/v2\/users\/8"}],"replies":[{"embeddable":true,"href":"https:\/\/oberle-stiftung.de\/index.php?rest_route=%2Fwp%2Fv2%2Fcomments&post=218"}],"version-history":[{"count":21,"href":"https:\/\/oberle-stiftung.de\/index.php?rest_route=\/wp\/v2\/pages\/218\/revisions"}],"predecessor-version":[{"id":2953,"href":"https:\/\/oberle-stiftung.de\/index.php?rest_route=\/wp\/v2\/pages\/218\/revisions\/2953"}],"up":[{"embeddable":true,"href":"https:\/\/oberle-stiftung.de\/index.php?rest_route=\/wp\/v2\/pages\/58"}],"wp:attachment":[{"href":"https:\/\/oberle-stiftung.de\/index.php?rest_route=%2Fwp%2Fv2%2Fmedia&parent=218"}],"wp:term":[{"taxonomy":"category","embeddable":true,"href":"https:\/\/oberle-stiftung.de\/index.php?rest_route=%2Fwp%2Fv2%2Fcategories&post=218"},{"taxonomy":"post_tag","embeddable":true,"href":"https:\/\/oberle-stiftung.de\/index.php?rest_route=%2Fwp%2Fv2%2Ftags&post=218"}],"curies":[{"name":"wp","href":"https:\/\/api.w.org\/{rel}","templated":true}]}}