{"id":2376,"date":"2016-09-21T15:05:15","date_gmt":"2016-09-21T15:05:15","guid":{"rendered":"http:\/\/oberle-stiftung.de\/?page_id=2376"},"modified":"2016-10-06T13:49:24","modified_gmt":"2016-10-06T13:49:24","slug":"friedenspreis-des-sozialministeriums-fuer-die-oberle-stiftung-peru","status":"publish","type":"page","link":"https:\/\/oberle-stiftung.de\/?page_id=2376","title":{"rendered":"Friedenspreis des Sozialministeriums f\u00fcr die Oberle-Stiftung \/ Peru"},"content":{"rendered":"<p>Lima, den 20.09.16<a href=\"http:\/\/oberle-stiftung.de\/wp-content\/uploads\/2016\/09\/Friedenspreis-Lima-2016-Dank-SS-webkompr.jpg\"><img loading=\"lazy\" decoding=\"async\" class=\"alignright size-thumbnail wp-image-2377\" src=\"http:\/\/oberle-stiftung.de\/wp-content\/uploads\/2016\/09\/Friedenspreis-Lima-2016-Dank-SS-webkompr-150x150.jpg\" alt=\"friedenspreis-lima-2016-dank-ss-webkompr\" width=\"150\" height=\"150\" \/><\/a><br \/>\nHeute wurde der Friedenspreis 2016 des Sozialministeriums Peru in der Kategorie &#8222;Zivilgesellschaft&#8220; an unsere peruanische Tochter-Organisation &#8222;Oberle &#8211; Peru, ayuda que da vida &#8220; feierlich \u00fcbergeben.<br \/>\nDie Oberle-Stiftung \/ Peru gewann die Auszeichnung aus 80 daf\u00fcr nominierten gemeinn\u00fctzigen Organisationen.<\/p>\n<p><!--more--><\/p>\n<p>&nbsp;<\/p>\n<p>unsere &#8222;Socios&#8220; (peruanische Sozialpartner), die an der Zeremonie teilnahmen &#8230;<\/p>\n<p><a href=\"http:\/\/oberle-stiftung.de\/wp-content\/uploads\/2016\/09\/Friedenspreis-Lima-2016-Socios-webKompr.jpg\"><img loading=\"lazy\" decoding=\"async\" class=\"aligncenter size-full wp-image-2378\" src=\"http:\/\/oberle-stiftung.de\/wp-content\/uploads\/2016\/09\/Friedenspreis-Lima-2016-Socios-webKompr.jpg\" alt=\"friedenspreis-lima-2016-socios-webkompr\" width=\"448\" height=\"252\" srcset=\"https:\/\/oberle-stiftung.de\/wp-content\/uploads\/2016\/09\/Friedenspreis-Lima-2016-Socios-webKompr.jpg 448w, https:\/\/oberle-stiftung.de\/wp-content\/uploads\/2016\/09\/Friedenspreis-Lima-2016-Socios-webKompr-300x169.jpg 300w\" sizes=\"auto, (max-width: 448px) 100vw, 448px\" \/><\/a><\/p>\n<p>die Ehrenurkunde<\/p>\n<p><a href=\"http:\/\/oberle-stiftung.de\/wp-content\/uploads\/2016\/09\/Friedenspreis-Lima-2016-Urkunde-webKompr.jpg\"><img loading=\"lazy\" decoding=\"async\" class=\"aligncenter size-full wp-image-2379\" src=\"http:\/\/oberle-stiftung.de\/wp-content\/uploads\/2016\/09\/Friedenspreis-Lima-2016-Urkunde-webKompr.jpg\" alt=\"friedenspreis-lima-2016-urkunde-webkompr\" width=\"448\" height=\"252\" srcset=\"https:\/\/oberle-stiftung.de\/wp-content\/uploads\/2016\/09\/Friedenspreis-Lima-2016-Urkunde-webKompr.jpg 448w, https:\/\/oberle-stiftung.de\/wp-content\/uploads\/2016\/09\/Friedenspreis-Lima-2016-Urkunde-webKompr-300x169.jpg 300w\" sizes=\"auto, (max-width: 448px) 100vw, 448px\" \/><\/a><\/p>\n<p>die Danksagung unserer Lateinamerika-Chefin Dr. Sonia Salas an die Sozialministerin<\/p>\n<p><a href=\"http:\/\/oberle-stiftung.de\/wp-content\/uploads\/2016\/09\/Friedenspreis-Lima-2016-Dank-SS-webkompr.jpg\"><img loading=\"lazy\" decoding=\"async\" class=\"aligncenter size-full wp-image-2377\" src=\"http:\/\/oberle-stiftung.de\/wp-content\/uploads\/2016\/09\/Friedenspreis-Lima-2016-Dank-SS-webkompr.jpg\" alt=\"friedenspreis-lima-2016-dank-ss-webkompr\" width=\"448\" height=\"336\" srcset=\"https:\/\/oberle-stiftung.de\/wp-content\/uploads\/2016\/09\/Friedenspreis-Lima-2016-Dank-SS-webkompr.jpg 448w, https:\/\/oberle-stiftung.de\/wp-content\/uploads\/2016\/09\/Friedenspreis-Lima-2016-Dank-SS-webkompr-300x225.jpg 300w\" sizes=\"auto, (max-width: 448px) 100vw, 448px\" \/><\/a><\/p>\n<p><a href=\"http:\/\/www.mimp.gob.pe\/webs\/mimp\/premioporlapaz\/video-ppp2015.php\" target=\"_blank\">Video des Sozialministeriums zur Preisverleihung 2015 &#8230;. \/ 2016 kommt noch &#8230;<\/a><\/p>\n<p><em>Ayer tuve aca la fiesta de la premiaci\u00f3n, que fue tambien en un ambiente super elegante y con todo los medios sobre nosotros. Nos indicaron que de 80 instituciones nominadas, escogieron a 10 en diversas categorias.<br \/>\nLa premiacion fue por el dia internacional de la Paz, lo hace el gobierno peruano y las Naciones Unidas ONU.<br \/>\nEl premio por la Paz 2016, se otorga a aquellas personas, instituciones publicas o privadas que constribuyen a una cultura de Paz.<\/em><\/p>\n<p>pers\u00f6nlicher Gl\u00fcckwunsch an unsere Lateinamerika-Chefin<br \/>\nvon Professoren der Universit\u00e4t Mexiko<\/p>\n<p>Querida Sonia<\/p>\n<p>La premiaci\u00f3n otorgada a OBERLE PER\u00da el d\u00eda 19 de septiembre de 2016 es un justo reconocimiento que recae en tu persona; no s\u00f3lo porque presides esta asociaci\u00f3n, que promueve la cultura de la paz, sino por tu compromiso y el perseverante impulso que en tu vida le has dado a las causas democr\u00e1ticas de nuestro pueblo, a sus anhelos de paz con justicia y dignidad. Este premio se suma al reconocimiento que a diario te expresan, con amor y convicci\u00f3n, quienes apuntalan las acciones que emprendes y quienes sabemos que eres de los <strong>imprescindibles<\/strong>.<\/p>\n<p>No puede ejercerse la cultura de la paz sin combatir la desigualdad, la exclusi\u00f3n, la marginaci\u00f3n, el racismo, la pobreza y la explotaci\u00f3n que en estos tiempos, toman tintes de nueva esclavitud. En este combate convergen muchas voluntades entre las que est\u00e1s t\u00fa con los que caminan en tu mismo derrotero.<\/p>\n<p>Felicitaciones<\/p>\n<p>Ondina Gonz\u00e1les<br \/>\nEmigdio Aquino<\/p>\n","protected":false},"excerpt":{"rendered":"<p>Lima, den 20.09.16 Heute wurde der Friedenspreis 2016 des Sozialministeriums Peru in der Kategorie &#8222;Zivilgesellschaft&#8220; an unsere peruanische Tochter-Organisation &#8222;Oberle &#8211; Peru, ayuda que da vida &#8220; feierlich \u00fcbergeben. Die Oberle-Stiftung \/ Peru gewann die Auszeichnung aus 80 daf\u00fcr nominierten gemeinn\u00fctzigen Organisationen.<\/p>\n","protected":false},"author":3,"featured_media":0,"parent":0,"menu_order":0,"comment_status":"closed","ping_status":"closed","template":"","meta":{"ngg_post_thumbnail":0,"footnotes":""},"categories":[43,9,69],"tags":[],"class_list":["post-2376","page","type-page","status-publish","hentry","category-allgemein-website","category-peru","category-presse"],"_links":{"self":[{"href":"https:\/\/oberle-stiftung.de\/index.php?rest_route=\/wp\/v2\/pages\/2376","targetHints":{"allow":["GET"]}}],"collection":[{"href":"https:\/\/oberle-stiftung.de\/index.php?rest_route=\/wp\/v2\/pages"}],"about":[{"href":"https:\/\/oberle-stiftung.de\/index.php?rest_route=\/wp\/v2\/types\/page"}],"author":[{"embeddable":true,"href":"https:\/\/oberle-stiftung.de\/index.php?rest_route=\/wp\/v2\/users\/3"}],"replies":[{"embeddable":true,"href":"https:\/\/oberle-stiftung.de\/index.php?rest_route=%2Fwp%2Fv2%2Fcomments&post=2376"}],"version-history":[{"count":9,"href":"https:\/\/oberle-stiftung.de\/index.php?rest_route=\/wp\/v2\/pages\/2376\/revisions"}],"predecessor-version":[{"id":2393,"href":"https:\/\/oberle-stiftung.de\/index.php?rest_route=\/wp\/v2\/pages\/2376\/revisions\/2393"}],"wp:attachment":[{"href":"https:\/\/oberle-stiftung.de\/index.php?rest_route=%2Fwp%2Fv2%2Fmedia&parent=2376"}],"wp:term":[{"taxonomy":"category","embeddable":true,"href":"https:\/\/oberle-stiftung.de\/index.php?rest_route=%2Fwp%2Fv2%2Fcategories&post=2376"},{"taxonomy":"post_tag","embeddable":true,"href":"https:\/\/oberle-stiftung.de\/index.php?rest_route=%2Fwp%2Fv2%2Ftags&post=2376"}],"curies":[{"name":"wp","href":"https:\/\/api.w.org\/{rel}","templated":true}]}}