{"id":2573,"date":"2016-12-16T16:45:54","date_gmt":"2016-12-16T16:45:54","guid":{"rendered":"http:\/\/oberle-stiftung.de\/?page_id=2573"},"modified":"2021-01-20T10:35:11","modified_gmt":"2021-01-20T10:35:11","slug":"spezialrollstuhl-fuer-ein-maedchen-aus-polen","status":"publish","type":"page","link":"https:\/\/oberle-stiftung.de\/?page_id=2573","title":{"rendered":"&#8222;Bild hilft&#8220; und bringt zwei Freiburger Hilfsorganisationen zusammen"},"content":{"rendered":"<p><strong><u><a href=\"http:\/\/oberle-stiftung.de\/wp-content\/uploads\/2016\/12\/Rozkala-noch-klein.jpg\"><img loading=\"lazy\" decoding=\"async\" class=\"alignright size-thumbnail wp-image-2576\" src=\"http:\/\/oberle-stiftung.de\/wp-content\/uploads\/2016\/12\/Rozkala-noch-klein-150x150.jpg\" alt=\"rozkala-noch-klein\" width=\"150\" height=\"150\" \/><\/a><\/u><\/strong>Wir erhielten einen Brief von der Feiburger &#8222;Hilfsgemeinschaft f\u00fcr Kranke und Behinderte in Polen e.V.&#8220; mit einem Hilfeersuchen f\u00fcr ein k\u00f6rperlich schwerstbehindertes M\u00e4dchen in Polen.<\/p>\n<p>Wie kamen diese &#8211; erstmalig &#8211; auf uns? Die ebenfalls angeschriebene &#8222;Bild hilft&#8220; aus Hamburg hatte auf die Oberle-Stiftung aufmerksam gemacht und hat sogar ihre Entscheidung mitzuhelfen, \u00a0von der unseren abh\u00e4ngig gemacht &#8230;<\/p>\n<p><!--more--><\/p>\n<p>&#8222;Sehr geehrter Herr Gwozdz,<br \/>\nso hat es also Hamburg und \u201eBild hilft\u201c gebraucht, damit wir voneinander erfahren &#8230;\u00a0 Dabei sitzen wir doch in Freiburg bzw. nur um die Ecke, Sie seit 20 und wir seit 25 Jahren.<br \/>\n&#8230;<br \/>\nWir w\u00fcrden gerne mithelfen,\u00a0 Rozalka den Spezialrollstuhl zu finanzieren, den sie braucht und k\u00f6nnen dazu maximal bis \u20ac 2.000,- geben.<br \/>\nWieviel haben Sie selbst schon gesammelt? Und wieviel gibt \u201eBild hilft\u201c?<br \/>\nIch hoffe sehr , dass diese unsere verbindliche Zusage helfen kann, den Stein in\u2019s Rollen bzw. den Rollstuhl f\u00fcr Rozalka in\u2019s Laufen zu bringen.<br \/>\nSch\u00f6nen Gru\u00df!&#8220;<\/p>\n<p>Es hat schlie\u00dflich doch ein bi\u00dfchen gedauert, bis der E-Rolli dann ins Rollen kam.<br \/>\nF\u00fcr einen neuen Rollstuhl hat es n\u00e4mlich beim besten Willen nicht gereicht, einfach zu teuer. Und die Uwe-Seeler-Stiftung u.a. haben abgesagt (helfen nur in Deutschland).<br \/>\nAber die Gro\u00dfelten in Polen haben einen Kredit aufgenommen und schlie\u00dflich haben wir hier einen gebrauchten Rollstuhl gefunden!<br \/>\nDamit war alles gut.<\/p>\n<p><a href=\"http:\/\/oberle-stiftung.de\/wp-content\/uploads\/2016\/12\/Rozkala-IMG_9051.jpg\"><img loading=\"lazy\" decoding=\"async\" class=\"aligncenter  wp-image-2574\" src=\"http:\/\/oberle-stiftung.de\/wp-content\/uploads\/2016\/12\/Rozkala-IMG_9051.jpg\" alt=\"rozkala-img_9051\" width=\"467\" height=\"622\" srcset=\"https:\/\/oberle-stiftung.de\/wp-content\/uploads\/2016\/12\/Rozkala-IMG_9051.jpg 2236w, https:\/\/oberle-stiftung.de\/wp-content\/uploads\/2016\/12\/Rozkala-IMG_9051-225x300.jpg 225w, https:\/\/oberle-stiftung.de\/wp-content\/uploads\/2016\/12\/Rozkala-IMG_9051-768x1024.jpg 768w\" sizes=\"auto, (max-width: 467px) 100vw, 467px\" \/><\/a><\/p>\n<p>Das Besondere und Einmalige an diesem E-Rolli ist, dass der Sitz bis zum Boden und wieder in die H\u00f6he gesteuert werden kann. Genau so etwas braucht ein M\u00e4dchen, \u00a0dem seit Geburt beide Beine (und der linke Unterarm) fehlen.<\/p>\n<p>Die Mutter schrieb uns:<br \/>\nEs ist uns bewusst, dass so ein Rollstuhl sehr viel Geld kostet. Wir sind sehr dankbar, dass es Menschen gibt, die Menschen wie meiner Tochter helfen.<br \/>\nWir k\u00f6nnen unseren Dank gar nicht in Worte fassen.<br \/>\nWir sind aber auch gl\u00fccklich, wie unsere Tochter das alles meistert. Sie ist ein grandioses M\u00e4dchen.<\/p>\n","protected":false},"excerpt":{"rendered":"<p>Wir erhielten einen Brief von der Feiburger &#8222;Hilfsgemeinschaft f\u00fcr Kranke und Behinderte in Polen e.V.&#8220; mit einem Hilfeersuchen f\u00fcr ein k\u00f6rperlich schwerstbehindertes M\u00e4dchen in Polen. Wie kamen diese &#8211; erstmalig &#8211; auf uns? Die ebenfalls angeschriebene &#8222;Bild hilft&#8220; aus Hamburg hatte auf die Oberle-Stiftung aufmerksam gemacht und hat sogar ihre Entscheidung mitzuhelfen, \u00a0von der unseren &hellip; <a href=\"https:\/\/oberle-stiftung.de\/?page_id=2573\" class=\"more-link\"><span class=\"screen-reader-text\">&#8222;Bild hilft&#8220; und bringt zwei Freiburger Hilfsorganisationen zusammen<\/span> weiterlesen <span class=\"meta-nav\">&rarr;<\/span><\/a><\/p>\n","protected":false},"author":3,"featured_media":0,"parent":58,"menu_order":0,"comment_status":"closed","ping_status":"closed","template":"","meta":{"ngg_post_thumbnail":0,"footnotes":""},"categories":[38,33,19],"tags":[],"class_list":["post-2573","page","type-page","status-publish","hentry","category-hilfen-fuer-einzelne-menschen","category-hilfen-fuer-behinderte","category-ost-europa"],"_links":{"self":[{"href":"https:\/\/oberle-stiftung.de\/index.php?rest_route=\/wp\/v2\/pages\/2573","targetHints":{"allow":["GET"]}}],"collection":[{"href":"https:\/\/oberle-stiftung.de\/index.php?rest_route=\/wp\/v2\/pages"}],"about":[{"href":"https:\/\/oberle-stiftung.de\/index.php?rest_route=\/wp\/v2\/types\/page"}],"author":[{"embeddable":true,"href":"https:\/\/oberle-stiftung.de\/index.php?rest_route=\/wp\/v2\/users\/3"}],"replies":[{"embeddable":true,"href":"https:\/\/oberle-stiftung.de\/index.php?rest_route=%2Fwp%2Fv2%2Fcomments&post=2573"}],"version-history":[{"count":5,"href":"https:\/\/oberle-stiftung.de\/index.php?rest_route=\/wp\/v2\/pages\/2573\/revisions"}],"predecessor-version":[{"id":3283,"href":"https:\/\/oberle-stiftung.de\/index.php?rest_route=\/wp\/v2\/pages\/2573\/revisions\/3283"}],"up":[{"embeddable":true,"href":"https:\/\/oberle-stiftung.de\/index.php?rest_route=\/wp\/v2\/pages\/58"}],"wp:attachment":[{"href":"https:\/\/oberle-stiftung.de\/index.php?rest_route=%2Fwp%2Fv2%2Fmedia&parent=2573"}],"wp:term":[{"taxonomy":"category","embeddable":true,"href":"https:\/\/oberle-stiftung.de\/index.php?rest_route=%2Fwp%2Fv2%2Fcategories&post=2573"},{"taxonomy":"post_tag","embeddable":true,"href":"https:\/\/oberle-stiftung.de\/index.php?rest_route=%2Fwp%2Fv2%2Ftags&post=2573"}],"curies":[{"name":"wp","href":"https:\/\/api.w.org\/{rel}","templated":true}]}}