{"id":2729,"date":"2021-05-25T10:35:35","date_gmt":"2021-05-25T10:35:35","guid":{"rendered":"http:\/\/oberle-stiftung.de\/?page_id=2729"},"modified":"2021-05-25T10:37:14","modified_gmt":"2021-05-25T10:37:14","slug":"von-damaskus-nach-dinslaken-eine-syrische-witwe-und-ihre-vier-kinder-finden-ihren-weg","status":"publish","type":"page","link":"https:\/\/oberle-stiftung.de\/?page_id=2729","title":{"rendered":"Von Damaskus nach Dinslaken: Eine syrische  Witwe und ihre vier Kinder finden ihren Weg"},"content":{"rendered":"<p><img loading=\"lazy\" decoding=\"async\" class=\"alignright\" src=\"http:\/\/oberle-stiftung.de\/wp-content\/uploads\/2021\/04\/Bild-27.04.21-um-21.34.jpeg\" width=\"233\" height=\"192\">Frau S. ist 40 Jahre alt . Sie hat in ihrer Heimatstadt Damaskus Geschichte studiert, danach&nbsp; 17 Jahre lang als Lehrerin gearbeitet.<br \/>\n2015 verstarb ihr Ehemann und sie floh mit ihrer \u00e4ltesten Tochter nach Deutschland. Die j\u00fcngeren drei Kinder mussten zun\u00e4chst bei Verwandten in Syrien bleiben, ehe&nbsp; Frau S. die drei nachkommen lassen konnte.<\/p>\n<p><!--more-->Heute studiert die \u00e4lteste, 25-j\u00e4hrige Tochter Journalistik in Berlin, die 21-j\u00e4hrige Tochter absolviert&nbsp; eine Ausbildung zur medizinischen Fachangestellten und das Nesth\u00e4kchen, der 15-j\u00e4hrige Sohn, ist&nbsp; in der Mittelstufe des Gymnasiums.&nbsp; Die 17 Jahre alte schwerbehinderte Hazar besucht eine spezielle&nbsp; F\u00f6rderschule.<br \/>\nHazar wurde kurz nach der Geburt in Syrien am Herzen operiert. Sie leidet an einer spastischen Tetraplegie mit Beinverk\u00fcrzung links und einem hypotonem Muskeltonus.<br \/>\nDas bedeutet, dass sie in jeglicher T\u00e4tigkeit auf Hilfe angewiesen ist. Sie kann weder sprechen noch sich selbstst\u00e4ndig bewegen.<br \/>\nFrau S. hat inszwischen, trotz aller Belastungen als Witwe und Mutter von 4 Kindern, die C1-Pr\u00fcfung in Deutsch bestanden. Sie arbeitet ehrenamtlich als Unterrichtsbegleiterin und Dolmetscherin f\u00fcr Fl\u00fcchtlinge.<br \/>\nHazars Rollstuhl wiegt ganze 30 kg, da ist ein rollstuhlgerechtes Auto mit Rampe eine gro\u00dfe Hilfe.&nbsp; Mit unserer Unterst\u00fctzung und der von 7 weiteren Stiftungen konnte das Fahrzeug plus Rampe finanziert werden und Familie S. ist wieder mobil.<\/p>\n<p><img loading=\"lazy\" decoding=\"async\" class=\"aligncenter\" src=\"http:\/\/oberle-stiftung.de\/wp-content\/uploads\/2021\/04\/Bild-27.04.21-um-21.34.jpeg\" width=\"522\" height=\"431\"><\/p>\n","protected":false},"excerpt":{"rendered":"<p>Frau S. ist 40 Jahre alt . Sie hat in ihrer Heimatstadt Damaskus Geschichte studiert, danach&nbsp; 17 Jahre lang als Lehrerin gearbeitet. 2015 verstarb ihr Ehemann und sie floh mit ihrer \u00e4ltesten Tochter nach Deutschland. Die j\u00fcngeren drei Kinder mussten zun\u00e4chst bei Verwandten in Syrien bleiben, ehe&nbsp; Frau S. die drei nachkommen lassen konnte.<\/p>\n","protected":false},"author":5,"featured_media":0,"parent":0,"menu_order":0,"comment_status":"closed","ping_status":"closed","template":"","meta":{"ngg_post_thumbnail":0,"footnotes":""},"categories":[20,38,36,33],"tags":[],"class_list":["post-2729","page","type-page","status-publish","hentry","category-deutschland","category-hilfen-fuer-einzelne-menschen","category-hilfen-fuer-fluechtlinge","category-hilfen-fuer-behinderte"],"_links":{"self":[{"href":"https:\/\/oberle-stiftung.de\/index.php?rest_route=\/wp\/v2\/pages\/2729","targetHints":{"allow":["GET"]}}],"collection":[{"href":"https:\/\/oberle-stiftung.de\/index.php?rest_route=\/wp\/v2\/pages"}],"about":[{"href":"https:\/\/oberle-stiftung.de\/index.php?rest_route=\/wp\/v2\/types\/page"}],"author":[{"embeddable":true,"href":"https:\/\/oberle-stiftung.de\/index.php?rest_route=\/wp\/v2\/users\/5"}],"replies":[{"embeddable":true,"href":"https:\/\/oberle-stiftung.de\/index.php?rest_route=%2Fwp%2Fv2%2Fcomments&post=2729"}],"version-history":[{"count":13,"href":"https:\/\/oberle-stiftung.de\/index.php?rest_route=\/wp\/v2\/pages\/2729\/revisions"}],"predecessor-version":[{"id":4324,"href":"https:\/\/oberle-stiftung.de\/index.php?rest_route=\/wp\/v2\/pages\/2729\/revisions\/4324"}],"wp:attachment":[{"href":"https:\/\/oberle-stiftung.de\/index.php?rest_route=%2Fwp%2Fv2%2Fmedia&parent=2729"}],"wp:term":[{"taxonomy":"category","embeddable":true,"href":"https:\/\/oberle-stiftung.de\/index.php?rest_route=%2Fwp%2Fv2%2Fcategories&post=2729"},{"taxonomy":"post_tag","embeddable":true,"href":"https:\/\/oberle-stiftung.de\/index.php?rest_route=%2Fwp%2Fv2%2Ftags&post=2729"}],"curies":[{"name":"wp","href":"https:\/\/api.w.org\/{rel}","templated":true}]}}