{"id":3714,"date":"2021-04-08T11:18:11","date_gmt":"2021-04-08T11:18:11","guid":{"rendered":"http:\/\/oberle-stiftung.de\/?page_id=3714"},"modified":"2021-04-28T10:27:52","modified_gmt":"2021-04-28T10:27:52","slug":"die-rieselfelder-sind-in-bewegung","status":"publish","type":"page","link":"https:\/\/oberle-stiftung.de\/?page_id=3714","title":{"rendered":"Die Rieselfelder sind in Bewegung"},"content":{"rendered":"\n<p><img loading=\"lazy\" decoding=\"async\" width=\"118\" height=\"199\" class=\"alignright\" src=\"http:\/\/oberle-stiftung.de\/wp-content\/uploads\/2021\/04\/20-11-14-Oberkoerper-ziehen-scaled.jpg\">\u00c4wiR\u201c &#8211; unter der etwas sperrigen Bezeichnung versteht sich kein neues Produkt im Supermarktregal, dahinter steht \u201e\u00c4lter werden im Rieselfeld\u201c mit einer Gruppe von Ehrenamtlichen. Sie treffen sich seit 2013 unter dem Dach des Stadtteilvereins K.I.O.S.K. e. V.<br>Nun haben sie f\u00fcr ihren Stadtteil einen Outdoor Sportpark aufgebaut. <br><!--more--><\/p>\n<p>In Lehen, Weingarten und Littenweiler stehen den Bewohnern Sportger\u00e4te in Parks zur freien Verf\u00fcgung. Das war f\u00fcr Harald Seywald von \u00c4wiR ein Anreiz, dass auch \u201edie Rieselfelder\u201c f\u00fcr ihren Stadtteil Outdoor-Sportger\u00e4te bekommen.<br>Der Hartn\u00e4ckigkeit von Harald Seywald und den ehrenamtlichen MitstreiterInnen ist es zu verdanken, dass die Summe von \u20ac 25.000 mit kleinen und gro\u00dfen Spenden zusammenkam.<br>Davor stand jedoch ein wahrer H\u00fcrdenlauf an: Informationen \u00fcber geeignete Ger\u00e4te sammeln (hier gaben Experten eines Fitnessstudios und einer Physiotherapie-Praxis wichtige Tipps), Angebote f\u00fcr Sportapparaturen aus Edelstahl einholen, gro\u00dfe und kleine Spender finden, mit dem Garten- und Tiefbauamt der Stadt Freiburg einen Platz zum Aufstellen festlegen und schlie\u00dflich eine Firma f\u00fcr den Aufbau beauftragen. Ach ja, die Haftungsfrage musste auch noch gekl\u00e4rt werden, denn die Ger\u00e4te sind frei zug\u00e4nglich im \u00f6ffentlichen Raum platziert. Gl\u00fccklicherweise \u00fcbernahm die Stadt Freiburg die Aufstellung und damit war auch die Haftung gekl\u00e4rt.<br>Im November 2020 wurde die Installation aufgestellt, im Dezember fand die offizielle Er\u00f6ffnung des neuen Bewegungsparcours statt. Sechs Fitness-Ger\u00e4te aus Edelstahl stehen bereit: Ein Armfahrrad, eine Balancierstrecke, Reckstangen in drei verschiedenen H\u00f6hen sowie ein Beweglichkeits-, ein Oberk\u00f6rper- und ein Gleichgewichtstrainer. Seither kommen alte und junge Trainingswillige zum Rosengarten (beim Maria-von-Rudloff-Platz) und versuchen sich an den Ger\u00e4ten.<br><img loading=\"lazy\" decoding=\"async\" width=\"258\" height=\"387\" class=\"alignright\" src=\"http:\/\/oberle-stiftung.de\/wp-content\/uploads\/2021\/04\/20-11-14-Beweglichkeitstrainer-scaled.jpg\"> <img loading=\"lazy\" decoding=\"async\" width=\"294\" height=\"392\" class=\"alignnone\" src=\"http:\/\/oberle-stiftung.de\/wp-content\/uploads\/2021\/04\/20-12-16-Armfahrrad-scaled.jpg\"><br><br>\u201eZwanglos bei jedem Wetter in Schwung zu kommen\u201c, das ist das Motto des Bewegungstreffs im Freien, der sich jeden Mittwoch ab 10.00 Uhr trifft. Es ist keine Anmeldung erforderlich, keine Kosten fallen an. &nbsp;Neben Spa\u00df an der Bewegung braucht es nur bequeme Schuhe und eine dem Wetter angepasste Kleidung. Schon kann losgelegt werden, mit \u00dcbungen zu Beweglichkeit, Gleichgewicht und Kraft.<br>Die Oberle-Stiftung ist bei dem Dutzend der \u201egro\u00dfen\u201c Spender mit von der Partie.<\/p>\n<p>Weitere&nbsp; Informationen finden unter <a href=\"https:\/\/kiosk.rieselfeld.org\/\" target=\"_blank\" rel=\"noopener noreferrer\">K.I.O.S.K. Rieselfeld e.V.&nbsp;&nbsp;<\/a><br>Artikel der Badischen Zeitung zum <a href=\"https:\/\/www.badische-zeitung.de\/in-freiburg-gibt-es-immer-mehr-bewegungsparcours-im-freien--199189720.html\" target=\"_blank\" rel=\"noopener noreferrer\">Bewegungsparcour im Rieselfeld <\/a>vom 29.12.2020<\/p>\n","protected":false},"excerpt":{"rendered":"<p>\u00c4wiR\u201c &#8211; unter der etwas sperrigen Bezeichnung versteht sich kein neues Produkt im Supermarktregal, dahinter steht \u201e\u00c4lter werden im Rieselfeld\u201c mit einer Gruppe von Ehrenamtlichen. Sie treffen sich seit 2013 unter dem Dach des Stadtteilvereins K.I.O.S.K. e. V.Nun haben sie f\u00fcr ihren Stadtteil einen Outdoor Sportpark aufgebaut.<\/p>\n","protected":false},"author":7,"featured_media":0,"parent":0,"menu_order":0,"comment_status":"closed","ping_status":"closed","template":"","meta":{"ngg_post_thumbnail":0,"footnotes":""},"categories":[12,21],"tags":[],"class_list":["post-3714","page","type-page","status-publish","hentry","category-hilfe-fuer-alte-menschen","category-region-freiburg"],"_links":{"self":[{"href":"https:\/\/oberle-stiftung.de\/index.php?rest_route=\/wp\/v2\/pages\/3714","targetHints":{"allow":["GET"]}}],"collection":[{"href":"https:\/\/oberle-stiftung.de\/index.php?rest_route=\/wp\/v2\/pages"}],"about":[{"href":"https:\/\/oberle-stiftung.de\/index.php?rest_route=\/wp\/v2\/types\/page"}],"author":[{"embeddable":true,"href":"https:\/\/oberle-stiftung.de\/index.php?rest_route=\/wp\/v2\/users\/7"}],"replies":[{"embeddable":true,"href":"https:\/\/oberle-stiftung.de\/index.php?rest_route=%2Fwp%2Fv2%2Fcomments&post=3714"}],"version-history":[{"count":7,"href":"https:\/\/oberle-stiftung.de\/index.php?rest_route=\/wp\/v2\/pages\/3714\/revisions"}],"predecessor-version":[{"id":4127,"href":"https:\/\/oberle-stiftung.de\/index.php?rest_route=\/wp\/v2\/pages\/3714\/revisions\/4127"}],"wp:attachment":[{"href":"https:\/\/oberle-stiftung.de\/index.php?rest_route=%2Fwp%2Fv2%2Fmedia&parent=3714"}],"wp:term":[{"taxonomy":"category","embeddable":true,"href":"https:\/\/oberle-stiftung.de\/index.php?rest_route=%2Fwp%2Fv2%2Fcategories&post=3714"},{"taxonomy":"post_tag","embeddable":true,"href":"https:\/\/oberle-stiftung.de\/index.php?rest_route=%2Fwp%2Fv2%2Ftags&post=3714"}],"curies":[{"name":"wp","href":"https:\/\/api.w.org\/{rel}","templated":true}]}}