{"id":3915,"date":"2021-04-27T19:14:17","date_gmt":"2021-04-27T19:14:17","guid":{"rendered":"http:\/\/oberle-stiftung.de\/?page_id=3915"},"modified":"2021-04-28T10:26:14","modified_gmt":"2021-04-28T10:26:14","slug":"die-stillen-jungs","status":"publish","type":"page","link":"https:\/\/oberle-stiftung.de\/?page_id=3915","title":{"rendered":"Die stillen  Jungs"},"content":{"rendered":"\n<p><\/p>\n\n\n<p><img loading=\"lazy\" decoding=\"async\" width=\"246\" height=\"184\" class=\"alignright\" src=\"http:\/\/oberle-stiftung.de\/wp-content\/uploads\/2021\/04\/20150521_124645-scaled.jpg\">Seit 2008 &nbsp;f\u00f6rdern wir das Projekt &#8222;Stille Jungs&#8220; der Jugend-Welt e.V. , dem &#8222;Verein zur F\u00f6rderung friedlicher Bewusstseinsbildung junger Menschen&#8220; .<br>Inzwischen hat sich das Projekt an 28 Freiburger Schulen aller Arten fest etabliert.&nbsp;<\/p>\n<p><!--more-->P\u00e4dagogen, die sich auch in Kampfkunst auskennen, bringen Jungs bei, wie man mit den drei Elementen &#8222;Stille, Kampfkunst und Kommunikation&#8220; sich selbst und andere besser versteht und so die Kunst erlernt,&nbsp; in Auseinandersetzungen nicht k\u00e4mpfen zu m\u00fcssen. Denn wenn man dem Taekwondo-erfahrenen P\u00e4dagogen H\u00fcseyin Tunc folgt: <br>&#8222;muss man nicht k\u00e4mpfen, wenn man Kampfkunst beherrscht&#8220;.&nbsp; Was widerspr\u00fcchlich klingt, ist in der Praxis \u00fcberzeugend. Die Jungs lernen Selbstdisziplin, Selbstbewusstsein und Respekt.&nbsp; Faires K\u00e4mpfen ist genauso wichtig, wie sich \u00f6ffnen zu k\u00f6nnen und anderen zuzuh\u00f6ren.&nbsp; Auch Geduld will ge\u00fcbt sein.<\/p>\n<p><img loading=\"lazy\" decoding=\"async\" width=\"549\" height=\"412\" class=\"aligncenter\" style=\"font-size: inherit;\" src=\"http:\/\/oberle-stiftung.de\/wp-content\/uploads\/2021\/04\/Stille_Jungs-BBZ_Stegen-11-1.jpg\"><br>Doch auch der Spa\u00df beim Training kommt nicht zu kurz:<br><img loading=\"lazy\" decoding=\"async\" width=\"568\" height=\"412\" class=\"aligncenter\" src=\"http:\/\/oberle-stiftung.de\/wp-content\/uploads\/2021\/04\/stille-jungs3.jpg\"><\/p>\n<p>\u00dcblicherweise findet das Training f\u00fcr die 6 bis 16-j\u00e4hrigen Sch\u00fcler ein Mal pro Woche statt.<br>Wir sind von Anfang an als Geldgeber dabei und freuen uns auf viele weitere Jahre.<\/p>\n<p>Ein kleiner Einblick aus den Projekten der vergangenen Jahren:<\/p>\nngg_shortcode_0_placeholder\n<p><a href=\"https:\/\/www.jugend-welt.com\/WP\/\" target=\"_blank\" rel=\"noopener noreferrer\">Zur Website der<strong> Jugend-Welt e.V<\/strong><\/a><\/p>","protected":false},"excerpt":{"rendered":"<p>Seit 2008 &nbsp;f\u00f6rdern wir das Projekt &#8222;Stille Jungs&#8220; der Jugend-Welt e.V. , dem &#8222;Verein zur F\u00f6rderung friedlicher Bewusstseinsbildung junger Menschen&#8220; .Inzwischen hat sich das Projekt an 28 Freiburger Schulen aller Arten fest etabliert.&nbsp;<\/p>\n","protected":false},"author":5,"featured_media":0,"parent":0,"menu_order":0,"comment_status":"closed","ping_status":"closed","template":"","meta":{"ngg_post_thumbnail":0,"footnotes":""},"categories":[35,21],"tags":[],"class_list":["post-3915","page","type-page","status-publish","hentry","category-hilfen-fuer-kinder-u-jugendliche","category-region-freiburg"],"_links":{"self":[{"href":"https:\/\/oberle-stiftung.de\/index.php?rest_route=\/wp\/v2\/pages\/3915","targetHints":{"allow":["GET"]}}],"collection":[{"href":"https:\/\/oberle-stiftung.de\/index.php?rest_route=\/wp\/v2\/pages"}],"about":[{"href":"https:\/\/oberle-stiftung.de\/index.php?rest_route=\/wp\/v2\/types\/page"}],"author":[{"embeddable":true,"href":"https:\/\/oberle-stiftung.de\/index.php?rest_route=\/wp\/v2\/users\/5"}],"replies":[{"embeddable":true,"href":"https:\/\/oberle-stiftung.de\/index.php?rest_route=%2Fwp%2Fv2%2Fcomments&post=3915"}],"version-history":[{"count":33,"href":"https:\/\/oberle-stiftung.de\/index.php?rest_route=\/wp\/v2\/pages\/3915\/revisions"}],"predecessor-version":[{"id":4126,"href":"https:\/\/oberle-stiftung.de\/index.php?rest_route=\/wp\/v2\/pages\/3915\/revisions\/4126"}],"wp:attachment":[{"href":"https:\/\/oberle-stiftung.de\/index.php?rest_route=%2Fwp%2Fv2%2Fmedia&parent=3915"}],"wp:term":[{"taxonomy":"category","embeddable":true,"href":"https:\/\/oberle-stiftung.de\/index.php?rest_route=%2Fwp%2Fv2%2Fcategories&post=3915"},{"taxonomy":"post_tag","embeddable":true,"href":"https:\/\/oberle-stiftung.de\/index.php?rest_route=%2Fwp%2Fv2%2Ftags&post=3915"}],"curies":[{"name":"wp","href":"https:\/\/api.w.org\/{rel}","templated":true}]}}