{"id":4341,"date":"2008-05-26T10:45:44","date_gmt":"2008-05-26T10:45:44","guid":{"rendered":"http:\/\/oberle-stiftung.de\/?page_id=4341"},"modified":"2021-05-26T10:49:37","modified_gmt":"2021-05-26T10:49:37","slug":"vor-ort-und-in-den-anden-bz-18-10-08-2","status":"publish","type":"page","link":"https:\/\/oberle-stiftung.de\/?page_id=4341","title":{"rendered":"Vor Ort und in den Anden (BZ 18.10.08)"},"content":{"rendered":"\n<p><a href=\"http:\/\/oberle-stiftung.de\/wp-content\/uploads\/2015\/12\/Schwarzwald_Panorama_Todtnau.jpg\"><img loading=\"lazy\" decoding=\"async\" class=\" wp-image-2325 alignright\" src=\"http:\/\/oberle-stiftung.de\/wp-content\/uploads\/2015\/12\/Schwarzwald_Panorama_Todtnau-150x150.jpg\" alt=\"Schwarzwald_Panorama_beiTodtnau\" width=\"167\" height=\"167\"><\/a>Stiftungen leisten einen wichtigen Beitrag f\u00fcr die Gesellschaft.<br>Die Wilhelm-Oberle-Stiftung zum Beispiel gibt jedes Jahr bis zu 1,5 Millionen Euro f\u00fcr ihren Stiftungszweck aus:<br>&#8222;Die F\u00f6rderung und Unterst\u00fctzung von Personen, die aufgrund ihres Alters, ihres Gesundheits- oder geistigen Zustandes, ihrer sozialen Situation oder einer materiellen Notlage auf die Hilfe Dritter anwiesen sind.&#8220;<\/p>\n<p><!--more-->Bundesweit bietet die Stiftung Unterst\u00fctzung bei der Entschuldung, gibt Zusch\u00fcsse f\u00fcr medizinische Hilfeleistungen und zu Eigenanteilen an Ferienfreizeiten. Des weiteren bietet sie Darlehen an, etwa f\u00fcr einen F\u00fchrerschein oder ein Fahrzeug, falls eine berufliche Notwendigkeit besteht.<\/p>\n<p>In der Kinder- und Jugendhilfe unterst\u00fctzt die Wilhelm-Oberle-Stiftung zum Beispiel Schulen und Kinderg\u00e4rten mit Zusch\u00fcssen f\u00fcr Projekte, hilft beim Spracherwerb und bietet Hausaufgabenhilfe.<\/p>\n<p><a href=\"http:\/\/oberle-stiftung.de\/wp-content\/uploads\/2015\/12\/Anden_mitFeldern_OrtUnbekAusInternet.jpg\"><img loading=\"lazy\" decoding=\"async\" class=\"wp-image-2327 alignright\" src=\"http:\/\/oberle-stiftung.de\/wp-content\/uploads\/2015\/12\/Anden_mitFeldern_OrtUnbekAusInternet-150x150.jpg\" alt=\"Anden_mitFeldern\" width=\"195\" height=\"195\"><\/a>Auch im Ausland engagiert sich die Stiftung: Sie bietet humanit\u00e4re Hilfe in S\u00fcdamerika und Afrika \u2013 in Form von Einzelhilfefonds und Projektfinanzierungen. In Zusammenarbeit mit der Firma IKA, Staufen, unterst\u00fctzt sie etwa ein Dorf in den peruanischen Anden. Sie helfen den Hirten mit Kapital und Beratung, so dass diese nun in der Lage sind, den Schulbesuch ihrer Kinder mit ihrer Alpakazucht selbst zu finanzieren.<br><br><img loading=\"lazy\" decoding=\"async\" src=\"http:\/\/w.online-verlag-freiburg.de\/www\/delivery\/lg.php?bannerid=4828&amp;campaignid=2277&amp;zoneid=65795&amp;loc=1&amp;referer=http%3A%2F%2Fwww.badische-zeitung.de%2Ffreiburg%2Fvor-ort-und-in-den-anden--6619902.html&amp;cb=5c94d65906\" alt=\"\" width=\"0\" height=\"0\"><a href=\"http:\/\/www.badische-zeitung.de\/freiburg\/vor-ort-und-in-den-anden--6619902.html\" target=\"_blank\" rel=\"noopener noreferrer\">&gt;&gt; Badische Zeitung; vor Ort und in den Anden \/ Badische Zeitung<\/a><\/p>\n","protected":false},"excerpt":{"rendered":"<p>Stiftungen leisten einen wichtigen Beitrag f\u00fcr die Gesellschaft.Die Wilhelm-Oberle-Stiftung zum Beispiel gibt jedes Jahr bis zu 1,5 Millionen Euro f\u00fcr ihren Stiftungszweck aus:&#8222;Die F\u00f6rderung und Unterst\u00fctzung von Personen, die aufgrund ihres Alters, ihres Gesundheits- oder geistigen Zustandes, ihrer sozialen Situation oder einer materiellen Notlage auf die Hilfe Dritter anwiesen sind.&#8220;<\/p>\n","protected":false},"author":7,"featured_media":0,"parent":0,"menu_order":0,"comment_status":"closed","ping_status":"closed","template":"","meta":{"ngg_post_thumbnail":0,"footnotes":""},"categories":[69],"tags":[],"class_list":["post-4341","page","type-page","status-publish","hentry","category-presse"],"_links":{"self":[{"href":"https:\/\/oberle-stiftung.de\/index.php?rest_route=\/wp\/v2\/pages\/4341","targetHints":{"allow":["GET"]}}],"collection":[{"href":"https:\/\/oberle-stiftung.de\/index.php?rest_route=\/wp\/v2\/pages"}],"about":[{"href":"https:\/\/oberle-stiftung.de\/index.php?rest_route=\/wp\/v2\/types\/page"}],"author":[{"embeddable":true,"href":"https:\/\/oberle-stiftung.de\/index.php?rest_route=\/wp\/v2\/users\/7"}],"replies":[{"embeddable":true,"href":"https:\/\/oberle-stiftung.de\/index.php?rest_route=%2Fwp%2Fv2%2Fcomments&post=4341"}],"version-history":[{"count":2,"href":"https:\/\/oberle-stiftung.de\/index.php?rest_route=\/wp\/v2\/pages\/4341\/revisions"}],"predecessor-version":[{"id":4345,"href":"https:\/\/oberle-stiftung.de\/index.php?rest_route=\/wp\/v2\/pages\/4341\/revisions\/4345"}],"wp:attachment":[{"href":"https:\/\/oberle-stiftung.de\/index.php?rest_route=%2Fwp%2Fv2%2Fmedia&parent=4341"}],"wp:term":[{"taxonomy":"category","embeddable":true,"href":"https:\/\/oberle-stiftung.de\/index.php?rest_route=%2Fwp%2Fv2%2Fcategories&post=4341"},{"taxonomy":"post_tag","embeddable":true,"href":"https:\/\/oberle-stiftung.de\/index.php?rest_route=%2Fwp%2Fv2%2Ftags&post=4341"}],"curies":[{"name":"wp","href":"https:\/\/api.w.org\/{rel}","templated":true}]}}