{"id":4457,"date":"2011-06-09T12:06:00","date_gmt":"2011-06-09T12:06:00","guid":{"rendered":"https:\/\/oberle-stiftung.de\/?page_id=4457"},"modified":"2021-06-25T08:22:55","modified_gmt":"2021-06-25T08:22:55","slug":"wo-gespraech-ohne-licht-verstummt","status":"publish","type":"page","link":"https:\/\/oberle-stiftung.de\/?page_id=4457","title":{"rendered":"Wo &#8222;Gespr\u00e4ch&#8220; ohne Licht verstummt"},"content":{"rendered":"\n<p><img loading=\"lazy\" decoding=\"async\" class=\"alignright\" src=\"http:\/\/oberle-stiftung.de\/wp-content\/uploads\/2021\/06\/BZ-Foto-Investition-in-Solaranlagen.jpg\" width=\"262\" height=\"198\">Wenn die Sonne so intensiv wie in den ersten M\u00e4rztagen scheint, lacht das Herz der Denzlinger, die in die B\u00fcrgersolaranlagen auf dem Dach der Br\u00fcckleackerschule investiert haben. Auch auf dem Hort an der Schule, im Kindergarten &#8222;Arche&#8220; und im Bildungszentrums wird Solarenergie gewonnen. Aber auch Kinder in Masaka in Uganda, im Herzen Afrikas, k\u00f6nnen sich mitfreuen. Denn dank des Stromerl\u00f6ses sorgen an der dortigen Schule f\u00fcr Taubstumme Solarleuchten daf\u00fcr, dass die Sch\u00fcler sich weiter &#8222;unterhalten&#8220; k\u00f6nnen.<!--more--><\/p>\n<p>&#8222;Das ist nur eines von mehreren sozialen Projekten, die wir aus den Zinsertr\u00e4gen finanzieren k\u00f6nnen&#8220;, erkl\u00e4rt Clemens Oberle den Zusammenhang. Er ist der Gesch\u00e4ftsf\u00fchrer der Oberle-Stiftung in Staufen. Die Solarmodule der B\u00fcrgersolaranlagen wurden aus dem Stiftungskapital finanziert, die Tilgung flie\u00dft wieder in den Kapitalstock zur\u00fcck. Und mit den Zinsen werden soziale und \u00f6kologische Projekte finanziert, die auf Nachhaltigkeit angelegt sind.<br>Auf die Idee mit den Solarlampen war Clemens Oberle bei einem Besuch in der schon lange unterst\u00fctzten Schule gekommen. &#8222;In der N\u00e4he des \u00c4quators ist der Tag-Nacht -Wechsel sehr schnell&#8220;, erkl\u00e4rt er. F\u00fcr die Sch\u00fcler und ihre Lehrer, die teils auch in der Schule leben, bedeute der Einbruch der Dunkelheit auch, dass sie sich nicht mehr mit Geb\u00e4rdensprache verst\u00e4ndigen k\u00f6nnen. Nacht ohne k\u00fcnstliches Licht ist Schweigen. Leuchten verhelfen zur Kommunikation. &#8222;Dass es Solarleuchten sind, hat eher damit zu tun, dass die Schule keinen Netzanschluss hat&#8220;, erkl\u00e4rt Oberle.<br><br>Insgesamt ist die Oberle-Stiftung immer an ethischen, \u00f6kologischen Geldanlagen interessiert. Die n\u00e4chste Gelegenheit dazu bietet sich schon ihn Denzlingen. Auf dem Neubau des Rettungszentrums und dem Bildungszentrum sollen weitere B\u00fcrgersolaranlagen installiert werden. Dass die Oberle-Stiftung auch dabei wieder mit Kapital zur Seite steht, stellt Clemens Oberle zum Abschluss des Besuchs in Staufen in Aussicht.<br><br><a href=\"https:\/\/www.badische-zeitung.de\/wo-gespraech-ohne-licht-verstummt--42815524.html\" target=\"_blank\" rel=\"noopener\">Text und Bild aus dem<strong> Artikel der Badischen Zeitung<\/strong> vom 11.06.2011<\/a><\/p>\n","protected":false},"excerpt":{"rendered":"<p>Wenn die Sonne so intensiv wie in den ersten M\u00e4rztagen scheint, lacht das Herz der Denzlinger, die in die B\u00fcrgersolaranlagen auf dem Dach der Br\u00fcckleackerschule investiert haben. Auch auf dem Hort an der Schule, im Kindergarten &#8222;Arche&#8220; und im Bildungszentrums wird Solarenergie gewonnen. Aber auch Kinder in Masaka in Uganda, im Herzen Afrikas, k\u00f6nnen sich &hellip; <a href=\"https:\/\/oberle-stiftung.de\/?page_id=4457\" class=\"more-link\"><span class=\"screen-reader-text\">Wo &#8222;Gespr\u00e4ch&#8220; ohne Licht verstummt<\/span> weiterlesen <span class=\"meta-nav\">&rarr;<\/span><\/a><\/p>\n","protected":false},"author":7,"featured_media":0,"parent":0,"menu_order":0,"comment_status":"closed","ping_status":"closed","template":"","meta":{"ngg_post_thumbnail":0,"footnotes":""},"categories":[69],"tags":[],"class_list":["post-4457","page","type-page","status-publish","hentry","category-presse"],"_links":{"self":[{"href":"https:\/\/oberle-stiftung.de\/index.php?rest_route=\/wp\/v2\/pages\/4457","targetHints":{"allow":["GET"]}}],"collection":[{"href":"https:\/\/oberle-stiftung.de\/index.php?rest_route=\/wp\/v2\/pages"}],"about":[{"href":"https:\/\/oberle-stiftung.de\/index.php?rest_route=\/wp\/v2\/types\/page"}],"author":[{"embeddable":true,"href":"https:\/\/oberle-stiftung.de\/index.php?rest_route=\/wp\/v2\/users\/7"}],"replies":[{"embeddable":true,"href":"https:\/\/oberle-stiftung.de\/index.php?rest_route=%2Fwp%2Fv2%2Fcomments&post=4457"}],"version-history":[{"count":3,"href":"https:\/\/oberle-stiftung.de\/index.php?rest_route=\/wp\/v2\/pages\/4457\/revisions"}],"predecessor-version":[{"id":4519,"href":"https:\/\/oberle-stiftung.de\/index.php?rest_route=\/wp\/v2\/pages\/4457\/revisions\/4519"}],"wp:attachment":[{"href":"https:\/\/oberle-stiftung.de\/index.php?rest_route=%2Fwp%2Fv2%2Fmedia&parent=4457"}],"wp:term":[{"taxonomy":"category","embeddable":true,"href":"https:\/\/oberle-stiftung.de\/index.php?rest_route=%2Fwp%2Fv2%2Fcategories&post=4457"},{"taxonomy":"post_tag","embeddable":true,"href":"https:\/\/oberle-stiftung.de\/index.php?rest_route=%2Fwp%2Fv2%2Ftags&post=4457"}],"curies":[{"name":"wp","href":"https:\/\/api.w.org\/{rel}","templated":true}]}}