{"id":4727,"date":"2023-03-16T14:15:44","date_gmt":"2023-03-16T14:15:44","guid":{"rendered":"https:\/\/oberle-stiftung.de\/?page_id=4727"},"modified":"2023-10-30T13:07:44","modified_gmt":"2023-10-30T13:07:44","slug":"spende-veraendert-das-leben-einer-familie","status":"publish","type":"page","link":"https:\/\/oberle-stiftung.de\/?page_id=4727","title":{"rendered":"Spende ver\u00e4ndert das Leben einer Familie"},"content":{"rendered":"\n<p style=\"font-weight: 400;\"><img class=\"alignright\"><img class=\"alignright\"><img class=\"alignright\"><img loading=\"lazy\" decoding=\"async\" class=\"alignright\" src=\"http:\/\/oberle-stiftung.de\/wp-content\/uploads\/2023\/03\/Spende-veraendert-Leben-einer-Familie.jpg\" width=\"281\" height=\"158\"><span style=\"font-size: inherit;\">Ein rollstuhlgerechtes Fahrzeug erm\u00f6glicht es der Familie der neunj\u00e4hrigen Nura, wieder Ausfl\u00fcge zu unternehmen.<\/span><br><!--more--><\/p>\n<p style=\"font-weight: 400;\">Twistringen \u2013 \u201eGl\u00fccklich. Sie war sehr gl\u00fccklich.\u201c Als die Eltern erz\u00e4hlen, wie sich ihre Tochter Nura bei einem Familienausflug nach Bremen gef\u00fchlt hat, fangen sie&nbsp; an zu strahlen. Denn solch unbeschwerten Ausfl\u00fcge waren lange nicht m\u00f6glich. Nura sitzt im Rollstuhl \u2013 und bis vor Kurzem hatte die in Twistringen lebende Familie Azu Hassan kein rollstuhlgerechtes Auto.<br>Mehrere Spender haben zusammengelegt und den Kauf eines rollstuhlgerechten Caddys erm\u00f6glicht. 20.\u200a000 Euro hat das Fahrzeug gekostet. Ein Viertel davon hatte die Familie selbst angespart und dazugegeben, ein Teil wurde gef\u00f6rdert.<br><span style=\"font-size: inherit;\">Bisher brauchte die Familie Azu Hassan immer ein Taxi, um mit der neunj\u00e4hrigen Nura irgendwo hinzufahren. F\u00fcr Arztbesuche besteht die M\u00f6glichkeit, einen &#8222;Taxischein&#8220; zu bekommen, aber das Leben sollte schlie\u00dflich nicht nur aus Arztbesuchen bestehen.<br><br><\/span><span style=\"font-size: inherit;\"><img decoding=\"async\" class=\"aligncenter\" src=\"http:\/\/oberle-stiftung.de\/wp-content\/uploads\/2023\/10\/AutomitRampe-scaled.jpg\"><\/span><br><br>Hans Kaluza brachte die Spendenaktion ins Rollen. <br>Er kennt&nbsp; Familie Azu Hassan, die aus dem Irak kommt, von seiner Arbeit als Sozialarbeiter. Als solcher war er beim Caritasverband t\u00e4tig, bis er vorletztes Jahr in Altersteilzeit gegangen ist.<br>Nun begleitet er die Fl\u00fcchtlingsfamilie ehrenamtlich. <br>Kaluza hat 70 Stiftungen und Organisationen angeschrieben, eine Stellungnahme vom Kinderarzt eingeholt, nach einem passenden Auto Ausschau gehalten (\u201egar nicht so einfach, etwas zu finden\u201c) und mit Sorge die steigenden Fahrzeugpreise im Auge behalten. \u201eZwischendurch dachte ich: Das kriegst du nicht hin. Das schaffst du nicht\u201c, r\u00e4umt er ein.<br><br>Aber er hat es geschafft, dank der Unterst\u00fctzung mehrerer Stiftungen,<br>darunter \u201eMenschen in Not\u201c und der Oberle-Stiftung &#8230;.<br><br><em>die Hornbach Stiftung, die Bonnik Hansen Stiftung, die Hanna und Wilhelm Ellinghaus Stiftung, der F\u00f6rderverein Lions Club Bassum Klosterbach-Delme, der Bassumer Verein Ein Tropfen Hoffnung, die Stiftung Hilfe zum Leben aus Bochum, der Eystruper Verein Hafens\u00e4nger und Puffmusiker, die katholische Kirchengemeinde Twistringen, die Fl\u00fcchtlingsinitiative Twistringen und die evangelische Martin-Luther-Gemeinde Twistringen.<br><\/em><a href=\"https:\/\/www.kreiszeitung.de\/lokales\/diepholz\/twistringen-ort47316\/spende-veraendert-das-leben-einer-familie-91982682.html\" target=\"_blank\" rel=\"noopener\">Zum Text der Kreiszeitung vom 18.12.2022<\/a><\/p>\n","protected":false},"excerpt":{"rendered":"<p>Ein rollstuhlgerechtes Fahrzeug erm\u00f6glicht es der Familie der neunj\u00e4hrigen Nura, wieder Ausfl\u00fcge zu unternehmen.<\/p>\n","protected":false},"author":7,"featured_media":0,"parent":0,"menu_order":0,"comment_status":"closed","ping_status":"closed","template":"","meta":{"ngg_post_thumbnail":0,"footnotes":""},"categories":[20,38,36,35,33],"tags":[],"class_list":["post-4727","page","type-page","status-publish","hentry","category-deutschland","category-hilfen-fuer-einzelne-menschen","category-hilfen-fuer-fluechtlinge","category-hilfen-fuer-kinder-u-jugendliche","category-hilfen-fuer-behinderte"],"_links":{"self":[{"href":"https:\/\/oberle-stiftung.de\/index.php?rest_route=\/wp\/v2\/pages\/4727","targetHints":{"allow":["GET"]}}],"collection":[{"href":"https:\/\/oberle-stiftung.de\/index.php?rest_route=\/wp\/v2\/pages"}],"about":[{"href":"https:\/\/oberle-stiftung.de\/index.php?rest_route=\/wp\/v2\/types\/page"}],"author":[{"embeddable":true,"href":"https:\/\/oberle-stiftung.de\/index.php?rest_route=\/wp\/v2\/users\/7"}],"replies":[{"embeddable":true,"href":"https:\/\/oberle-stiftung.de\/index.php?rest_route=%2Fwp%2Fv2%2Fcomments&post=4727"}],"version-history":[{"count":13,"href":"https:\/\/oberle-stiftung.de\/index.php?rest_route=\/wp\/v2\/pages\/4727\/revisions"}],"predecessor-version":[{"id":5171,"href":"https:\/\/oberle-stiftung.de\/index.php?rest_route=\/wp\/v2\/pages\/4727\/revisions\/5171"}],"wp:attachment":[{"href":"https:\/\/oberle-stiftung.de\/index.php?rest_route=%2Fwp%2Fv2%2Fmedia&parent=4727"}],"wp:term":[{"taxonomy":"category","embeddable":true,"href":"https:\/\/oberle-stiftung.de\/index.php?rest_route=%2Fwp%2Fv2%2Fcategories&post=4727"},{"taxonomy":"post_tag","embeddable":true,"href":"https:\/\/oberle-stiftung.de\/index.php?rest_route=%2Fwp%2Fv2%2Ftags&post=4727"}],"curies":[{"name":"wp","href":"https:\/\/api.w.org\/{rel}","templated":true}]}}