{"id":4851,"date":"2023-07-06T13:28:44","date_gmt":"2023-07-06T13:28:44","guid":{"rendered":"https:\/\/oberle-stiftung.de\/?page_id=4851"},"modified":"2023-09-19T10:51:34","modified_gmt":"2023-09-19T10:51:34","slug":"sozialpreis-der-wilhelm-oberle-stiftung-an-ria-hinken","status":"publish","type":"page","link":"https:\/\/oberle-stiftung.de\/?page_id=4851","title":{"rendered":"Sozialpreis der Wilhelm-Oberle-Stiftung an Ria Hinken"},"content":{"rendered":"\n<p style=\"font-weight: 400;\"><img class=\"alignright\"><img loading=\"lazy\" decoding=\"async\" class=\"alignright\" src=\"http:\/\/oberle-stiftung.de\/wp-content\/uploads\/2023\/07\/Sozialpreis-1.jpg\" width=\"191\" height=\"188\">Das 21. von der Stadt Freiburg zu Ehren engagierter Menschen und Projekte veranstaltete Fest fand am 25. M\u00e4rz erstmals auf dem Firmengel\u00e4nde des neuen Partners, der Firma Pfizer, statt. Vergeben wurden zehn Preise an Einzelpersonen und Gruppen, die stellvertretend f\u00fcr das gro\u00dfe ehrenamtliche Engagement in Freiburg stehen.<br><!--more--><br>Den Sozialpreis der Stadt Freiburg erhielt Ria Hinken f\u00fcr ihr Projekt \u201eSmartphone-Sprechstunde f\u00fcr Senioren und Senioritas\u201c, das seit M\u00e4rz 2022 an der Max-Weber-Schule und seit Februar 2023 auch an den Wentzinger-Schulen einen festen Platz hat. In seiner Laudatio stellte Clemens Salm von der Wilhelm-Oberle-Stiftung den 300 G\u00e4sten diese besondere generationen\u00fcbergreifende Kooperation vor: \u201eDie Stadt Freiburg m\u00f6chte dich f\u00fcr dein gro\u00dfartiges Projekt auszeichnen, in dem Sch\u00fclerinnen und Sch\u00fcler \u00e4lteren Menschen in digitalen Sprechstunden den Umgang mit Smartphone, iPad und Tablet beibringen\u201c.<br><br><img class=\"aligncenter\"><span style=\"font-size: inherit;\">Ebenso wurde das Engagement von Ria Hinken f\u00fcr die positive Ver\u00e4nderung der Altersbilder in unserer Gesellschaft gew\u00fcrdigt.<\/span><br>Das au\u00dfergew\u00f6hnliche pers\u00f6nliche Engagement der Lehrerin Claudia Sciarabba an der Max-Weber-Schule wurde vom Laudator ebenso gew\u00fcrdigt wie die Weitergabe des Feuers an die Wentzinger-Schulen. Mittlerweile sind \u00fcber 60 Sch\u00fclerinnen und Sch\u00fcler an dem Projekt beteiligt, die Sprechstunden werden von bis zu 50 Menschen 60plus besucht, ab dem 15. Mai 2023 wird es auch Smartphone-Sprechstunden an der Walter-Eucken-Schule geben.<br><br><img decoding=\"async\" class=\"aligncenter\" src=\"http:\/\/oberle-stiftung.de\/wp-content\/uploads\/2023\/07\/Sozialpreis-2.jpg\"><br>Ria Hinken in ihrer Dankesrede: \u201eMeinen herzlichsten Dank an die Wilhelm-Oberle-Stiftung und die Stadt Freiburg f\u00fcr die Verleihung des diesj\u00e4hrigen Sozialpreises. Bedanken m\u00f6chte ich mich auch bei den Sch\u00fclern und Sch\u00fclerinnen der Max-Weber-Schule und der beiden Wentzinger-Schulen, die heute hier von Melina Fichter, Anne Wehrel, Sarab Mousa und Artur Kutowa vertreten werden. Und beim Freiburger Bildungsmanagement, das die Projekte an allen 4 Schulen unterst\u00fctzt.<br><br>Die digitale Teilhabe von \u00e4lteren Menschen ist mir eine Herzensangelegenheit, wie auch die Ver\u00e4nderung der negativen Altersbilder hin zum Positiven.\u201c<br><br><span style=\"font-size: inherit;\">Das Schlusswort des Laudators begeisterte die G\u00e4ste unter ihnen Oberb\u00fcrgermeister Martin Horn, Sozialb\u00fcrgermeister Ulrich von Kirchbach, Bundestagsabgeordnete Claudia Raffelh\u00fcschen und zahlreiche Mitglieder des Freiburger Gemeinderats: \u201eMeine Damen und Herren, falls Sie Senioren kennen, ermutigen Sie diese in die digitale Sprechstunde zu kommen. Und f\u00fcr diejenigen, die ihre eigenen Kinder fr\u00fcher mit Nachhilfe gequ\u00e4lt haben zur Beruhigung noch das Zitat einer Seniorin: Die Sch\u00fcler sind geduldiger als meine Enkel.\u201c<br><br><\/span><em style=\"font-size: inherit;\">Text: Sigrid Hofmaier<br><\/em><em>Fotos: Patrick Seeger, Stadt Freiburg<br><br><br><\/em><em>Alle Infos zu den Terminen der Sprechstunden finden Sie unter:<br><a href=\"https:\/\/alterskompetenz.info\/\" target=\"_blank\" rel=\"noopener\">Zur Website der Alterskompetenz<\/a><br><a href=\"https:\/\/www.smartphone-sprechstunde.org\/\" target=\"_blank\" rel=\"noopener\">Mehr Informationen zur Smartphone-Sprechstunde<\/a><br><\/em><\/p>\n","protected":false},"excerpt":{"rendered":"<p>Das 21. von der Stadt Freiburg zu Ehren engagierter Menschen und Projekte veranstaltete Fest fand am 25. M\u00e4rz erstmals auf dem Firmengel\u00e4nde des neuen Partners, der Firma Pfizer, statt. Vergeben wurden zehn Preise an Einzelpersonen und Gruppen, die stellvertretend f\u00fcr das gro\u00dfe ehrenamtliche Engagement in Freiburg stehen.<\/p>\n","protected":false},"author":7,"featured_media":0,"parent":0,"menu_order":0,"comment_status":"closed","ping_status":"closed","template":"","meta":{"ngg_post_thumbnail":0,"footnotes":""},"categories":[12],"tags":[],"class_list":["post-4851","page","type-page","status-publish","hentry","category-hilfe-fuer-alte-menschen"],"_links":{"self":[{"href":"https:\/\/oberle-stiftung.de\/index.php?rest_route=\/wp\/v2\/pages\/4851","targetHints":{"allow":["GET"]}}],"collection":[{"href":"https:\/\/oberle-stiftung.de\/index.php?rest_route=\/wp\/v2\/pages"}],"about":[{"href":"https:\/\/oberle-stiftung.de\/index.php?rest_route=\/wp\/v2\/types\/page"}],"author":[{"embeddable":true,"href":"https:\/\/oberle-stiftung.de\/index.php?rest_route=\/wp\/v2\/users\/7"}],"replies":[{"embeddable":true,"href":"https:\/\/oberle-stiftung.de\/index.php?rest_route=%2Fwp%2Fv2%2Fcomments&post=4851"}],"version-history":[{"count":8,"href":"https:\/\/oberle-stiftung.de\/index.php?rest_route=\/wp\/v2\/pages\/4851\/revisions"}],"predecessor-version":[{"id":4866,"href":"https:\/\/oberle-stiftung.de\/index.php?rest_route=\/wp\/v2\/pages\/4851\/revisions\/4866"}],"wp:attachment":[{"href":"https:\/\/oberle-stiftung.de\/index.php?rest_route=%2Fwp%2Fv2%2Fmedia&parent=4851"}],"wp:term":[{"taxonomy":"category","embeddable":true,"href":"https:\/\/oberle-stiftung.de\/index.php?rest_route=%2Fwp%2Fv2%2Fcategories&post=4851"},{"taxonomy":"post_tag","embeddable":true,"href":"https:\/\/oberle-stiftung.de\/index.php?rest_route=%2Fwp%2Fv2%2Ftags&post=4851"}],"curies":[{"name":"wp","href":"https:\/\/api.w.org\/{rel}","templated":true}]}}

<p style="font-weight: 400;"><img class="alignright"><img loading="lazy" decoding="async" class="alignright" src="http://oberle-stiftung.de/wp-content/uploads/2023/07/Sozialpreis-1.jpg" width="191" height="188">Das 21. von der Stadt Freiburg zu Ehren engagierter Menschen und Projekte veranstaltete Fest fand am 25. März erstmals auf dem Firmengelände des neuen Partners, der Firma Pfizer, statt. Vergeben wurden zehn Preise an Einzelpersonen und Gruppen, die stellvertretend für das große ehrenamtliche Engagement in Freiburg stehen.<br><!--more--><br>Den Sozialpreis der Stadt Freiburg erhielt Ria Hinken für ihr Projekt „Smartphone-Sprechstunde für Senioren und Senioritas“, das seit März 2022 an der Max-Weber-Schule und seit Februar 2023 auch an den Wentzinger-Schulen einen festen Platz hat. In seiner Laudatio stellte Clemens Salm von der Wilhelm-Oberle-Stiftung den 300 Gästen diese besondere generationenübergreifende Kooperation vor: „Die Stadt Freiburg möchte dich für dein großartiges Projekt auszeichnen, in dem Schülerinnen und Schüler älteren Menschen in digitalen Sprechstunden den Umgang mit Smartphone, iPad und Tablet beibringen“.<br><br><img class="aligncenter"><span style="font-size: inherit;">Ebenso wurde das Engagement von Ria Hinken für die positive Veränderung der Altersbilder in unserer Gesellschaft gewürdigt.</span><br>Das außergewöhnliche persönliche Engagement der Lehrerin Claudia Sciarabba an der Max-Weber-Schule wurde vom Laudator ebenso gewürdigt wie die Weitergabe des Feuers an die Wentzinger-Schulen. Mittlerweile sind über 60 Schülerinnen und Schüler an dem Projekt beteiligt, die Sprechstunden werden von bis zu 50 Menschen 60plus besucht, ab dem 15. Mai 2023 wird es auch Smartphone-Sprechstunden an der Walter-Eucken-Schule geben.<br><br><img decoding="async" class="aligncenter" src="http://oberle-stiftung.de/wp-content/uploads/2023/07/Sozialpreis-2.jpg"><br>Ria Hinken in ihrer Dankesrede: „Meinen herzlichsten Dank an die Wilhelm-Oberle-Stiftung und die Stadt Freiburg für die Verleihung des diesjährigen Sozialpreises. Bedanken möchte ich mich auch bei den Schülern und Schülerinnen der Max-Weber-Schule und der beiden Wentzinger-Schulen, die heute hier von Melina Fichter, Anne Wehrel, Sarab Mousa und Artur Kutowa vertreten werden. Und beim Freiburger Bildungsmanagement, das die Projekte an allen 4 Schulen unterstützt.<br><br>Die digitale Teilhabe von älteren Menschen ist mir eine Herzensangelegenheit, wie auch die Veränderung der negativen Altersbilder hin zum Positiven.“<br><br><span style="font-size: inherit;">Das Schlusswort des Laudators begeisterte die Gäste unter ihnen Oberbürgermeister Martin Horn, Sozialbürgermeister Ulrich von Kirchbach, Bundestagsabgeordnete Claudia Raffelhüschen und zahlreiche Mitglieder des Freiburger Gemeinderats: „Meine Damen und Herren, falls Sie Senioren kennen, ermutigen Sie diese in die digitale Sprechstunde zu kommen. Und für diejenigen, die ihre eigenen Kinder früher mit Nachhilfe gequält haben zur Beruhigung noch das Zitat einer Seniorin: Die Schüler sind geduldiger als meine Enkel.“<br><br></span><em style="font-size: inherit;">Text: Sigrid Hofmaier<br></em><em>Fotos: Patrick Seeger, Stadt Freiburg<br><br><br></em><em>Alle Infos zu den Terminen der Sprechstunden finden Sie unter:<br><a href="https://alterskompetenz.info/" target="_blank" rel="noopener">Zur Website der Alterskompetenz</a><br><a href="https://www.smartphone-sprechstunde.org/" target="_blank" rel="noopener">Mehr Informationen zur Smartphone-Sprechstunde</a><br></em></p>

<p>Das 21. von der Stadt Freiburg zu Ehren engagierter Menschen und Projekte veranstaltete Fest fand am 25. März erstmals auf dem Firmengelände des neuen Partners, der Firma Pfizer, statt. Vergeben wurden zehn Preise an Einzelpersonen und Gruppen, die stellvertretend für das große ehrenamtliche Engagement in Freiburg stehen.</p>
