{"id":4972,"date":"2018-09-25T14:50:00","date_gmt":"2018-09-25T14:50:00","guid":{"rendered":"https:\/\/oberle-stiftung.de\/?page_id=4972"},"modified":"2023-10-30T14:40:08","modified_gmt":"2023-10-30T14:40:08","slug":"kunst-und-kultur-fuer-demenz-kranke","status":"publish","type":"page","link":"https:\/\/oberle-stiftung.de\/?page_id=4972","title":{"rendered":"Kunst und Kultur f\u00fcr Demenz-Kranke"},"content":{"rendered":"\n<p style=\"font-weight: 400;\"><img loading=\"lazy\" decoding=\"async\" class=\"alignright\" src=\"http:\/\/oberle-stiftung.de\/wp-content\/uploads\/2023\/09\/Bildschirmfoto-2023-09-25-um-16.57.09.png\" width=\"267\" height=\"177\">Die Nachbarschaftshilfe der Katholischen Sozialstation Freiburg organisiert seit 2012 Tagesfahrten f\u00fcr Demenz-Kranke, speziell f\u00fcr die Erkrankten, die zu Hause leben und von Angeh\u00f6rigen betreut werden. Die Ausfl\u00fcge sollen die Angeh\u00f6rigen wenigstens kurzzeitig entlasten und den Demenz-Kranken neue Impulse geben.<br><!--more-->Wir von der Oberle-Stiftung finanzieren seit 2012 die Kosten dieser Streifz\u00fcge, die 4 mal pro Jahr stattfinden. 2015 wurde beispielsweise die Krippenausstellung im Elztalmuseum in Waldkirch besucht, 2016 gab es eine spezielle F\u00fchrung zur \u201eFranz Xaver Winterhalter \u2013 Ausstellung\u201c im Augustinermuseum Freiburg.<br>Ein beliebter j\u00e4hrlicher Programmpunkt ist der Kreativausflug nach Heitersheim. Die Spritztour f\u00fchrt zur Villa artis im R\u00f6merpark, mit dem Caf\u00e9 artis sowie dem Franz-K\u00f6berle-Kunst- und Kulturzentrum. Die Villa artis ist eine Begegnungsst\u00e4tte f\u00fcr Menschen mit und ohne Behinderung, ein inklusiver Ort mit Geschichte und Ausdruckskraft.<br>Ein Fahrdienst transportiert die G\u00e4ste samt ehrenamtlichen Betreuern in die Malteser-Stadt. Es ist nicht der erste Ausflug, den die Besucher als \u201eTandem\u201c unternehmen. Schnell k\u00f6nnen die Begleiter auf individuelle Bed\u00fcrfnisse eingehen. Damit der Tag nicht zu anstrengend wird, gibt es zwei Pausen. Mit einem leckeren Mittagessen beginnt die Tour. Nach dem Mittagessen macht sich die eine H\u00e4lfte der Gruppe auf ins R\u00f6mermuseum. Die andere H\u00e4lfte spaziert hin\u00fcber in das Offene Atelier des Kunstzentrums. Hier kann gemalt, gedruckt und gezeichnet werden.<br>Monika Gottschaller, Leiterin der Betreuungsgruppe Demenzerkrankter, erkl\u00e4rt das Konzept hinter dem Kunstprojekt: \u201eWenn die Kommunikation nicht mehr so klappt, ist das nicht nur eine simple Methode der Aktivierung, sondern auch ein wichtiges Element, seine Stimme mitzuteilen\u201c&nbsp; Eingesetzt werden gerahmte Leinw\u00e4nde, Malersch\u00fcrzen, Fingerfarben, Pinsel und Schw\u00e4mmchen und andere Materialien. Frau Gottschaller erg\u00e4nzt: \u201eMit Federn oder Krepppapier k\u00f6nnen Strukturen in die Farbe eingearbeitet oder Collagen gestaltet werden. Danach wird alles mit Haarlack fixiert. Die K\u00fcnstler k\u00f6nnen ihre Bilder mit nach Hause nehmen und ihren Angeh\u00f6rigen zeigen.\u201c<br>Zum Kaffee mit gro\u00dfer Kuchentafel treffen sich die beiden Gruppen wieder. Anschlie\u00dfend wird das Programm gewechselt: Von Kunst zu Kultur und umgekehrt.<br>Nach vier Stunden ist der Ausflug fast zu Ende. Der Fahrdienst bef\u00f6rdert die Teilnehmer samt ihren Kunstwerken sowie den ehrenamtlichen Begleitern wieder nach Hause.<br><br><a href=\"https:\/\/www.badische-zeitung.de\/innerer-stimme-ausdruck-verleihen--137860107.html\" target=\"_blank\" rel=\"noopener\">Zum Artikel in der Badischen Zeitung vom 09.06.2017<\/a><br><a href=\"https:\/\/www.ksst-freiburg.de\/index.php\/zusaetzliche-betreuung-bei-demenz\" target=\"_blank\" rel=\"noopener\">Zur Website der Nachbarschaftshilfe der Katholischen Sozialstation Freiburg<\/a><br><br><\/p>\n","protected":false},"excerpt":{"rendered":"<p>Die Nachbarschaftshilfe der Katholischen Sozialstation Freiburg organisiert seit 2012 Tagesfahrten f\u00fcr Demenz-Kranke, speziell f\u00fcr die Erkrankten, die zu Hause leben und von Angeh\u00f6rigen betreut werden. Die Ausfl\u00fcge sollen die Angeh\u00f6rigen wenigstens kurzzeitig entlasten und den Demenz-Kranken neue Impulse geben.<\/p>\n","protected":false},"author":7,"featured_media":0,"parent":0,"menu_order":0,"comment_status":"closed","ping_status":"closed","template":"","meta":{"ngg_post_thumbnail":0,"footnotes":""},"categories":[12,13,21],"tags":[],"class_list":["post-4972","page","type-page","status-publish","hentry","category-hilfe-fuer-alte-menschen","category-hilfen-fuer-kranke-menschen","category-region-freiburg"],"_links":{"self":[{"href":"https:\/\/oberle-stiftung.de\/index.php?rest_route=\/wp\/v2\/pages\/4972","targetHints":{"allow":["GET"]}}],"collection":[{"href":"https:\/\/oberle-stiftung.de\/index.php?rest_route=\/wp\/v2\/pages"}],"about":[{"href":"https:\/\/oberle-stiftung.de\/index.php?rest_route=\/wp\/v2\/types\/page"}],"author":[{"embeddable":true,"href":"https:\/\/oberle-stiftung.de\/index.php?rest_route=\/wp\/v2\/users\/7"}],"replies":[{"embeddable":true,"href":"https:\/\/oberle-stiftung.de\/index.php?rest_route=%2Fwp%2Fv2%2Fcomments&post=4972"}],"version-history":[{"count":4,"href":"https:\/\/oberle-stiftung.de\/index.php?rest_route=\/wp\/v2\/pages\/4972\/revisions"}],"predecessor-version":[{"id":5035,"href":"https:\/\/oberle-stiftung.de\/index.php?rest_route=\/wp\/v2\/pages\/4972\/revisions\/5035"}],"wp:attachment":[{"href":"https:\/\/oberle-stiftung.de\/index.php?rest_route=%2Fwp%2Fv2%2Fmedia&parent=4972"}],"wp:term":[{"taxonomy":"category","embeddable":true,"href":"https:\/\/oberle-stiftung.de\/index.php?rest_route=%2Fwp%2Fv2%2Fcategories&post=4972"},{"taxonomy":"post_tag","embeddable":true,"href":"https:\/\/oberle-stiftung.de\/index.php?rest_route=%2Fwp%2Fv2%2Ftags&post=4972"}],"curies":[{"name":"wp","href":"https:\/\/api.w.org\/{rel}","templated":true}]}}