{"id":4976,"date":"2023-09-28T10:04:27","date_gmt":"2023-09-28T10:04:27","guid":{"rendered":"https:\/\/oberle-stiftung.de\/?page_id=4976"},"modified":"2023-10-11T08:08:51","modified_gmt":"2023-10-11T08:08:51","slug":"viel-spass-beim-fahren-neues-therapierad-fuer-fachklinik-muenstertal","status":"publish","type":"page","link":"https:\/\/oberle-stiftung.de\/?page_id=4976","title":{"rendered":"Viel Spa\u00df beim Fahren: neues Therapierad f\u00fcr Fachklinik M\u00fcnstertal"},"content":{"rendered":"\n<p><img loading=\"lazy\" decoding=\"async\" class=\"alignright\" src=\"http:\/\/oberle-stiftung.de\/wp-content\/uploads\/2023\/09\/Therapierad-fuer-Fachklinik-Muenstertal.png\" width=\"205\" height=\"203\">Die W. Oberle-Stiftung aus Staufen, mit ihrer Beauftragten f\u00fcr Behindertenhilfe, Waltraud Hanser, finanziert in der Regel nur Hilfen f\u00fcr Einzelf\u00e4lle. Dieses Mal aber kommt die Hilfe vielen Menschen zugute: die Fachklinik M\u00fcnstertal konnte mit Unterst\u00fctzung der W. Oberle-Stiftung ein neues Therapiefahrrad anschaffen.<br><!--more-->Dieses E-Bike, ausger\u00fcstet mit einem drehbaren Sitz f\u00fcr einen leichten Einstieg und einem leistungsf\u00e4higen Akku f\u00fcr lange Nutzungsdauer, verf\u00fcgt \u00fcber zwei Sitze nebeneinander und zwei Antriebe. Vorw\u00e4rts und r\u00fcckw\u00e4rts fahren ist m\u00f6glich und gut man\u00f6vrierbar ist das Rad auch. Menschen mit Behinderung k\u00f6nnen entweder mittreten oder \u2013 wenn es zu schnell wird \u2013 kann der Antrieb wahlweise ausgeschalten werden.<br><br>So k\u00f6nnen Kinder und Jugendliche mit Beeintr\u00e4chtigung mit ihren Betreuungskr\u00e4ften oder auch Eltern Fahrradtouren rings um die Klinik unternehmen. Denn die Fachklinik am Ufer des Neumagens liegt geradezu idyllisch. David mit seinem Betreuer Laurin Roggenbuck hat sichtlich Spa\u00df. Er liebt es, mit dem Fahrrad unterwegs zu sein, sich mit seinem Betreuer unterhalten zu k\u00f6nnen. Das Gef\u00fchl der Freiheit, mit eigener Kraft ein Ziel erreichen zu k\u00f6nnen, die Schnelligkeit der Bewegung \u2013 all das l\u00e4sst sein Gesicht leuchten. Er strahlt bei jeder Runde, die sie \u00fcber das Klinikgel\u00e4nde ziehen. Und seine Begeisterung und Freude steckt alle an.<br>Bei einem Rundgang \u00fcber das Klinikgel\u00e4nde konnte sich Frau Hanser einen \u00dcberblick \u00fcber die Au\u00dfenanlagen mit den Spielpl\u00e4tzen, dem Kleinkindspielplatz und der Ecke f\u00fcr die Jugendlichen verschaffen. Dort soll demn\u00e4chst eine abgetrennte, gem\u00fctliche Ecke mit von den Jugendlichen selbst gebauten Palettenm\u00f6beln entstehen. Sie erfuhr auch, dass, obwohl die Klinik voll ausgelastet ist, der Tr\u00e4ger immer Geld zuschie\u00dfen muss, da die Verg\u00fctungss\u00e4tze der Krankenkassen nicht ausreichen. Und erst recht reichen sie nicht f\u00fcr die 1:1-Betreuung in der sonderp\u00e4dagogischen Gruppe und manches Extra wie das Therapierad\u2026<\/p>\n<p>Original-Zitat aus Badische Zeitung vom 05.09.2023<br><a href=\"https:\/\/www.badische-zeitung.de\/geld-fuer-therapierad--283126526.html\" target=\"_blank\" rel=\"noopener\">Zum Artikel der Badischen Zeitung vom 05.09.2023<\/a><\/p>\n","protected":false},"excerpt":{"rendered":"<p>Die W. Oberle-Stiftung aus Staufen, mit ihrer Beauftragten f\u00fcr Behindertenhilfe, Waltraud Hanser, finanziert in der Regel nur Hilfen f\u00fcr Einzelf\u00e4lle. Dieses Mal aber kommt die Hilfe vielen Menschen zugute: die Fachklinik M\u00fcnstertal konnte mit Unterst\u00fctzung der W. Oberle-Stiftung ein neues Therapiefahrrad anschaffen.<\/p>\n","protected":false},"author":7,"featured_media":0,"parent":0,"menu_order":0,"comment_status":"closed","ping_status":"closed","template":"","meta":{"ngg_post_thumbnail":0,"footnotes":""},"categories":[33,21],"tags":[],"class_list":["post-4976","page","type-page","status-publish","hentry","category-hilfen-fuer-behinderte","category-region-freiburg"],"_links":{"self":[{"href":"https:\/\/oberle-stiftung.de\/index.php?rest_route=\/wp\/v2\/pages\/4976","targetHints":{"allow":["GET"]}}],"collection":[{"href":"https:\/\/oberle-stiftung.de\/index.php?rest_route=\/wp\/v2\/pages"}],"about":[{"href":"https:\/\/oberle-stiftung.de\/index.php?rest_route=\/wp\/v2\/types\/page"}],"author":[{"embeddable":true,"href":"https:\/\/oberle-stiftung.de\/index.php?rest_route=\/wp\/v2\/users\/7"}],"replies":[{"embeddable":true,"href":"https:\/\/oberle-stiftung.de\/index.php?rest_route=%2Fwp%2Fv2%2Fcomments&post=4976"}],"version-history":[{"count":3,"href":"https:\/\/oberle-stiftung.de\/index.php?rest_route=\/wp\/v2\/pages\/4976\/revisions"}],"predecessor-version":[{"id":4994,"href":"https:\/\/oberle-stiftung.de\/index.php?rest_route=\/wp\/v2\/pages\/4976\/revisions\/4994"}],"wp:attachment":[{"href":"https:\/\/oberle-stiftung.de\/index.php?rest_route=%2Fwp%2Fv2%2Fmedia&parent=4976"}],"wp:term":[{"taxonomy":"category","embeddable":true,"href":"https:\/\/oberle-stiftung.de\/index.php?rest_route=%2Fwp%2Fv2%2Fcategories&post=4976"},{"taxonomy":"post_tag","embeddable":true,"href":"https:\/\/oberle-stiftung.de\/index.php?rest_route=%2Fwp%2Fv2%2Ftags&post=4976"}],"curies":[{"name":"wp","href":"https:\/\/api.w.org\/{rel}","templated":true}]}}