{"id":5085,"date":"2005-10-13T10:05:00","date_gmt":"2005-10-13T10:05:00","guid":{"rendered":"https:\/\/oberle-stiftung.de\/?page_id=5085"},"modified":"2023-10-31T11:37:47","modified_gmt":"2023-10-31T11:37:47","slug":"gutes-tun-und-feiern","status":"publish","type":"page","link":"https:\/\/oberle-stiftung.de\/?page_id=5085","title":{"rendered":"GUTES TUN UND FEIERN"},"content":{"rendered":"\n<p><img loading=\"lazy\" decoding=\"async\" class=\"alignright\" src=\"http:\/\/oberle-stiftung.de\/wp-content\/uploads\/2023\/10\/Gutes-Tun-und-Feiern.jpg\" width=\"310\" height=\"278\">Wer Gutes tut, soll auch feiern d\u00fcrfen.<br>Mit den Partnern aus zahlreichen sozialen Organisationen und Institutionen beging die Wilhelm-Oberle-Stiftung ihren 15. Geburtstag im Clubzelt des ZMF. <br><br><br><br>Der Stifter Wilhelm Oberle (links) zusammen mit Moderator Florian Schr\u00f6der<br><br><!--more-->Die Stiftung, die sich um in Not geratene Menschen k\u00fcmmert, hat ihren Sitz in Staufen, ihr Namensgeber lebt auf dem Lorettoberg und hat in seinem Heimatdorf Nordrach bei Zell am Harmersbach seinen ersten Wohnsitz. Nach leckerem Essen gab es zum Nachtisch Kabarett mit SWR3-Moderator Florian Schr\u00f6der. Der quirlige Student der Freiburger Uni &#8211; \u201eich habe zwei Seminare in den vergangenen f\u00fcnf Jahren besucht&#8220; &#8211; zeigte nicht nur beste Unterhaltung, sondern auch Herz. Seine Gage spendete er einem Projekt der Oberle-Stiftung in Peru: ein Waisenhaus f\u00fcr junge M\u00e4dchen. Von dem Geld kann die Heimmutter ein halbes Jahr lang bezahlt werden. Der 74-j\u00e4hrige Wilhelm Oberle verdoppelte den Betrag, so dass das Projekt f\u00fcrs n\u00e4chste Jahr gesichert ist.&nbsp;<br><br>Artikel aus der Badischen Zeitung vom 06.07.2005&nbsp;<\/p>\n","protected":false},"excerpt":{"rendered":"<p>Wer Gutes tut, soll auch feiern d\u00fcrfen.Mit den Partnern aus zahlreichen sozialen Organisationen und Institutionen beging die Wilhelm-Oberle-Stiftung ihren 15. Geburtstag im Clubzelt des ZMF. Der Stifter Wilhelm Oberle (links) zusammen mit Moderator Florian Schr\u00f6der<\/p>\n","protected":false},"author":7,"featured_media":0,"parent":0,"menu_order":0,"comment_status":"closed","ping_status":"closed","template":"","meta":{"ngg_post_thumbnail":0,"footnotes":""},"categories":[69],"tags":[],"class_list":["post-5085","page","type-page","status-publish","hentry","category-presse"],"_links":{"self":[{"href":"https:\/\/oberle-stiftung.de\/index.php?rest_route=\/wp\/v2\/pages\/5085","targetHints":{"allow":["GET"]}}],"collection":[{"href":"https:\/\/oberle-stiftung.de\/index.php?rest_route=\/wp\/v2\/pages"}],"about":[{"href":"https:\/\/oberle-stiftung.de\/index.php?rest_route=\/wp\/v2\/types\/page"}],"author":[{"embeddable":true,"href":"https:\/\/oberle-stiftung.de\/index.php?rest_route=\/wp\/v2\/users\/7"}],"replies":[{"embeddable":true,"href":"https:\/\/oberle-stiftung.de\/index.php?rest_route=%2Fwp%2Fv2%2Fcomments&post=5085"}],"version-history":[{"count":4,"href":"https:\/\/oberle-stiftung.de\/index.php?rest_route=\/wp\/v2\/pages\/5085\/revisions"}],"predecessor-version":[{"id":5108,"href":"https:\/\/oberle-stiftung.de\/index.php?rest_route=\/wp\/v2\/pages\/5085\/revisions\/5108"}],"wp:attachment":[{"href":"https:\/\/oberle-stiftung.de\/index.php?rest_route=%2Fwp%2Fv2%2Fmedia&parent=5085"}],"wp:term":[{"taxonomy":"category","embeddable":true,"href":"https:\/\/oberle-stiftung.de\/index.php?rest_route=%2Fwp%2Fv2%2Fcategories&post=5085"},{"taxonomy":"post_tag","embeddable":true,"href":"https:\/\/oberle-stiftung.de\/index.php?rest_route=%2Fwp%2Fv2%2Ftags&post=5085"}],"curies":[{"name":"wp","href":"https:\/\/api.w.org\/{rel}","templated":true}]}}