{"id":53,"date":"2015-02-24T12:30:39","date_gmt":"2015-02-24T12:30:39","guid":{"rendered":"http:\/\/oberle-stiftung.de\/?page_id=53"},"modified":"2022-03-23T15:46:44","modified_gmt":"2022-03-23T15:46:44","slug":"ausland","status":"publish","type":"page","link":"https:\/\/oberle-stiftung.de\/?page_id=53","title":{"rendered":"Stifterfreun.de"},"content":{"rendered":"<h6><span style=\"font-size: small;\">Mitmachen?<br><\/span><\/h6>\n<p><a href=\"http:\/\/oberle-stiftung.de\/wp-content\/uploads\/2015\/02\/Fotolia_11544484_M_Kieselsteinbogen.jpg\"><img loading=\"lazy\" decoding=\"async\" class=\"size-medium wp-image-866 alignright\" src=\"http:\/\/oberle-stiftung.de\/wp-content\/uploads\/2015\/02\/Fotolia_11544484_M_Kieselsteinbogen-300x201.jpg\" alt=\"Stone arch with red stone at top in the morning on a beach\" width=\"300\" height=\"201\" srcset=\"https:\/\/oberle-stiftung.de\/wp-content\/uploads\/2015\/02\/Fotolia_11544484_M_Kieselsteinbogen-300x201.jpg 300w, https:\/\/oberle-stiftung.de\/wp-content\/uploads\/2015\/02\/Fotolia_11544484_M_Kieselsteinbogen-1024x685.jpg 1024w, https:\/\/oberle-stiftung.de\/wp-content\/uploads\/2015\/02\/Fotolia_11544484_M_Kieselsteinbogen.jpg 1685w\" sizes=\"auto, (max-width: 300px) 100vw, 300px\" \/><\/a><\/p>\n<p class=\"align-justify\">Unser Ziel ist auch, dass sich immer mehr Menschen als Stifter effektiv f\u00fcr die L\u00f6sung sozialer Aufgaben engagieren. Dazu setzen wir auf eine Kultur des Stiftens als eine dauerhafte und nachhaltige Form des gesellschaftlichen Engagements.<\/p>\n<p class=\"align-justify\">Sie finden \u00fcber uns konkrete Stellen und Menschen, die bei der Gr\u00fcndung, der Verwaltung oder der kooperativen Zweckverwirklichung von gemeinn\u00fctzigen Stiftungen helfen.<\/p>\n<p class=\"align-justify\">Rufen Sie uns an!&nbsp; Tel. 07633 \/ 929873<\/p>\n<p class=\"align-justify\">Soziales Engagement macht Freude und Freunde.<\/p>\n<p class=\"align-justify\"><a href=\"http:\/\/oberle-stiftung.de\/?page_id=874\" target=\"_blank\" rel=\"noopener\">&gt;&gt; uns sehr nahe stehende Stiftungen<\/a>&nbsp;&nbsp;&nbsp;&nbsp;&nbsp;&nbsp;&nbsp;&nbsp;&nbsp;&nbsp;&nbsp;&nbsp;&nbsp; <a href=\"http:\/\/rsv-freiburg.de\/\" target=\"_blank\" rel=\"noopener noreferrer\"> Regionaler Stiftungsverbund Freiburg<\/a><\/p>\n\n","protected":false},"excerpt":{"rendered":"<p>Mitmachen? Unser Ziel ist auch, dass sich immer mehr Menschen als Stifter effektiv f\u00fcr die L\u00f6sung sozialer Aufgaben engagieren. Dazu setzen wir auf eine Kultur des Stiftens als eine dauerhafte und nachhaltige Form des gesellschaftlichen Engagements. Sie finden \u00fcber uns konkrete Stellen und Menschen, die bei der Gr\u00fcndung, der Verwaltung oder der kooperativen Zweckverwirklichung von &hellip; <a href=\"https:\/\/oberle-stiftung.de\/?page_id=53\" class=\"more-link\"><span class=\"screen-reader-text\">Stifterfreun.de<\/span> weiterlesen <span class=\"meta-nav\">&rarr;<\/span><\/a><\/p>\n","protected":false},"author":8,"featured_media":0,"parent":0,"menu_order":5,"comment_status":"closed","ping_status":"closed","template":"","meta":{"ngg_post_thumbnail":0,"footnotes":""},"categories":[],"tags":[],"class_list":["post-53","page","type-page","status-publish","hentry"],"_links":{"self":[{"href":"https:\/\/oberle-stiftung.de\/index.php?rest_route=\/wp\/v2\/pages\/53","targetHints":{"allow":["GET"]}}],"collection":[{"href":"https:\/\/oberle-stiftung.de\/index.php?rest_route=\/wp\/v2\/pages"}],"about":[{"href":"https:\/\/oberle-stiftung.de\/index.php?rest_route=\/wp\/v2\/types\/page"}],"author":[{"embeddable":true,"href":"https:\/\/oberle-stiftung.de\/index.php?rest_route=\/wp\/v2\/users\/8"}],"replies":[{"embeddable":true,"href":"https:\/\/oberle-stiftung.de\/index.php?rest_route=%2Fwp%2Fv2%2Fcomments&post=53"}],"version-history":[{"count":11,"href":"https:\/\/oberle-stiftung.de\/index.php?rest_route=\/wp\/v2\/pages\/53\/revisions"}],"predecessor-version":[{"id":4583,"href":"https:\/\/oberle-stiftung.de\/index.php?rest_route=\/wp\/v2\/pages\/53\/revisions\/4583"}],"wp:attachment":[{"href":"https:\/\/oberle-stiftung.de\/index.php?rest_route=%2Fwp%2Fv2%2Fmedia&parent=53"}],"wp:term":[{"taxonomy":"category","embeddable":true,"href":"https:\/\/oberle-stiftung.de\/index.php?rest_route=%2Fwp%2Fv2%2Fcategories&post=53"},{"taxonomy":"post_tag","embeddable":true,"href":"https:\/\/oberle-stiftung.de\/index.php?rest_route=%2Fwp%2Fv2%2Ftags&post=53"}],"curies":[{"name":"wp","href":"https:\/\/api.w.org\/{rel}","templated":true}]}}