{"id":571,"date":"2015-07-30T16:47:31","date_gmt":"2015-07-30T16:47:31","guid":{"rendered":"http:\/\/oberle-stiftung.de\/?page_id=571"},"modified":"2021-06-18T16:23:29","modified_gmt":"2021-06-18T16:23:29","slug":"keine-zinsen-fuers-geld-stifterdarlehen","status":"publish","type":"page","link":"https:\/\/oberle-stiftung.de\/?page_id=571","title":{"rendered":"Keine Zinsen f\u00fcr&#8217;s Geld? Stifterdarlehen!"},"content":{"rendered":"<p><a href=\"http:\/\/oberle-stiftung.de\/wp-content\/uploads\/2015\/09\/Fotolia_76322634_L.jpg\"><img loading=\"lazy\" decoding=\"async\" class=\"alignright size-thumbnail wp-image-754\" src=\"http:\/\/oberle-stiftung.de\/wp-content\/uploads\/2015\/09\/Fotolia_76322634_L-150x150.jpg\" alt=\"Euro Turm\" width=\"150\" height=\"150\"><\/a>Dass es keine Zinsen mehr f\u00fcr&#8217;s Geld gibt &#8230;<br \/>\npfeifen die Spatzen schon seit Jahren von den D\u00e4chern!<br \/>\nUnd wer will schon <em>sichere<\/em> Bundesanleihen, wenn die Rendite dabei <em>garantiert&nbsp;negativ<\/em> ist.<br \/>\nZahlen Sie daf\u00fcr auch noch Kontof\u00fchrungsgeb\u00fchren, Depotgeb\u00fchren, Fondsprovisionen und am Ende sogar Steuerberaterkosten f\u00fcr eine steuerliche Verlusterkl\u00e4rung?<br \/>\nNegativzinsen?&nbsp; Verwahrentgelte?<\/p>\n<p><strong><span style=\"color: #800000;\">Geben Sie Ihr Geld doch einfach uns!<br \/>\n<\/span><span style=\"color: #800000;\">Nur leihweise!<\/span><span style=\"color: #800000;\"><img loading=\"lazy\" decoding=\"async\" class=\"  wp-image-579 alignright\" src=\"http:\/\/oberle-stiftung.de\/wp-content\/uploads\/2015\/07\/garantie_stempel-300x174.png\" alt=\"garantie_stempel\" width=\"231\" height=\"134\" srcset=\"https:\/\/oberle-stiftung.de\/wp-content\/uploads\/2015\/07\/garantie_stempel-300x174.png 300w, https:\/\/oberle-stiftung.de\/wp-content\/uploads\/2015\/07\/garantie_stempel.png 350w\" sizes=\"auto, (max-width: 231px) 100vw, 231px\" \/><\/span><\/strong><\/p>\n<ul>\n<li><strong>&nbsp;&nbsp; &nbsp; &nbsp; &nbsp; &nbsp; &nbsp; &nbsp;&nbsp; 0% &nbsp;Zinsen<\/strong><strong><br \/>\n<\/strong><\/li>\n<li><strong>&nbsp;&nbsp; &nbsp; &nbsp; &nbsp; &nbsp; &nbsp; &nbsp;&nbsp; 0% &nbsp;Kosten<\/strong><\/li>\n<li><strong>&nbsp;&nbsp;&nbsp;&nbsp;&nbsp;&nbsp;&nbsp;&nbsp;&nbsp;&nbsp; 100% &nbsp;sicher&nbsp;&nbsp;<\/strong><\/li>\n<li style=\"text-align: left;\">&nbsp;<\/li>\n<li><strong><strong><strong>&nbsp; Sie k\u00f6nnen Ihr Geld t\u00e4glich wieder zur\u00fcck haben &#8230;<\/strong><\/strong><\/strong><\/li>\n<li>&nbsp;<\/li>\n<li><span style=\"color: #800000;\"><strong>&#8230; und bis dahin tut Ihr gutes Geld ganz nebenbei lauter gute Dinge !<\/strong><\/span><\/li>\n<\/ul>\n<p>Mehr und individuelle Informationen unter Tel. 07633 \/ 929873<\/p>\n<p><em>Stiftungs-Darlehensgeber stellen der Stiftung einen Verm\u00f6gensanteil in Form eines sog. &#8222;Stifterdarlehens&#8220; zur Verf\u00fcgung.&nbsp; Die Stiftung legt dieses Geld nach strengen und konservativen Ma\u00dfst\u00e4ben an und haftet f\u00fcr das darlehensweise zur Verf\u00fcgung gestellte Verm\u00f6gen mit Ihrem insgesamten Stiftungskapital.<br \/>\n(Wir sind zum ungeschm\u00e4lerten Kapitalerhalt gesetzlich verpflichtet und das wird auch beh\u00f6rdlich \u00fcberwacht.&nbsp; Im Ergebnis: Ihr Geld ist zu 100% sicher.)<br \/>\n<\/em><\/p>\n","protected":false},"excerpt":{"rendered":"<p>Dass es keine Zinsen mehr f\u00fcr&#8217;s Geld gibt &#8230; pfeifen die Spatzen schon seit Jahren von den D\u00e4chern! Und wer will schon sichere Bundesanleihen, wenn die Rendite dabei garantiert&nbsp;negativ ist. Zahlen Sie daf\u00fcr auch noch Kontof\u00fchrungsgeb\u00fchren, Depotgeb\u00fchren, Fondsprovisionen und am Ende sogar Steuerberaterkosten f\u00fcr eine steuerliche Verlusterkl\u00e4rung? Negativzinsen?&nbsp; Verwahrentgelte? Geben Sie Ihr Geld doch einfach &hellip; <a href=\"https:\/\/oberle-stiftung.de\/?page_id=571\" class=\"more-link\"><span class=\"screen-reader-text\">Keine Zinsen f\u00fcr&#8217;s Geld? Stifterdarlehen!<\/span> weiterlesen <span class=\"meta-nav\">&rarr;<\/span><\/a><\/p>\n","protected":false},"author":8,"featured_media":0,"parent":53,"menu_order":0,"comment_status":"open","ping_status":"open","template":"","meta":{"ngg_post_thumbnail":0,"footnotes":""},"categories":[],"tags":[],"class_list":["post-571","page","type-page","status-publish","hentry"],"_links":{"self":[{"href":"https:\/\/oberle-stiftung.de\/index.php?rest_route=\/wp\/v2\/pages\/571","targetHints":{"allow":["GET"]}}],"collection":[{"href":"https:\/\/oberle-stiftung.de\/index.php?rest_route=\/wp\/v2\/pages"}],"about":[{"href":"https:\/\/oberle-stiftung.de\/index.php?rest_route=\/wp\/v2\/types\/page"}],"author":[{"embeddable":true,"href":"https:\/\/oberle-stiftung.de\/index.php?rest_route=\/wp\/v2\/users\/8"}],"replies":[{"embeddable":true,"href":"https:\/\/oberle-stiftung.de\/index.php?rest_route=%2Fwp%2Fv2%2Fcomments&post=571"}],"version-history":[{"count":20,"href":"https:\/\/oberle-stiftung.de\/index.php?rest_route=\/wp\/v2\/pages\/571\/revisions"}],"predecessor-version":[{"id":4511,"href":"https:\/\/oberle-stiftung.de\/index.php?rest_route=\/wp\/v2\/pages\/571\/revisions\/4511"}],"up":[{"embeddable":true,"href":"https:\/\/oberle-stiftung.de\/index.php?rest_route=\/wp\/v2\/pages\/53"}],"wp:attachment":[{"href":"https:\/\/oberle-stiftung.de\/index.php?rest_route=%2Fwp%2Fv2%2Fmedia&parent=571"}],"wp:term":[{"taxonomy":"category","embeddable":true,"href":"https:\/\/oberle-stiftung.de\/index.php?rest_route=%2Fwp%2Fv2%2Fcategories&post=571"},{"taxonomy":"post_tag","embeddable":true,"href":"https:\/\/oberle-stiftung.de\/index.php?rest_route=%2Fwp%2Fv2%2Ftags&post=571"}],"curies":[{"name":"wp","href":"https:\/\/api.w.org\/{rel}","templated":true}]}}