{"id":643,"date":"2015-09-05T07:16:50","date_gmt":"2015-09-05T07:16:50","guid":{"rendered":"http:\/\/oberle-stiftung.de\/?page_id=643"},"modified":"2020-08-27T14:09:41","modified_gmt":"2020-08-27T14:09:41","slug":"lebens-hilfe","status":"publish","type":"page","link":"https:\/\/oberle-stiftung.de\/?page_id=643","title":{"rendered":"Lebens-Hilfe!"},"content":{"rendered":"<p style=\"text-align: justify;\"><a href=\"http:\/\/oberle-stiftung.de\/wp-content\/uploads\/2015\/09\/BZ-Foto_-Junge-an-Mauer.jpg\"><img loading=\"lazy\" decoding=\"async\" class=\"alignright size-thumbnail wp-image-644\" src=\"http:\/\/oberle-stiftung.de\/wp-content\/uploads\/2015\/09\/BZ-Foto_-Junge-an-Mauer-150x150.jpg\" alt=\"BZ Foto_ Junge an Mauer\" width=\"150\" height=\"150\" \/><\/a><strong>Jugendliche helfen Jugendlichen bei der Suizidpr\u00e4vention<\/strong><\/p>\n<p style=\"text-align: justify;\">&#8222;Julia, danke, wegen dir lebe ich noch&#8220;, wenn Julia diesen Satz in ihrem E-Mail-Postfach liest, dann wei\u00df die BWL-Studentin, dass sie das Richtige tut. Julia hilft Jugendlichen, die sie noch nie gesehen hat und wahrscheinlich auch nie sehen wird. Jugendlichen, die \u00fcberlegen, sich das Leben zu nehmen. Ihnen schreibt Julia E-Mails, h\u00f6rt zu, fragt nach und versucht, eine Beziehung zu ihnen aufzubauen. <!--more--> Manchmal werden Emails aber auch nicht mehr beantwortet. Dann bleibt die Ungewissheit.<\/p>\n<p style=\"text-align: justify;\"><a href=\"http:\/\/oberle-stiftung.de\/wp-content\/uploads\/2015\/09\/AKL-BZ-Bild_-Mensch-schwebt.jpg\"><img loading=\"lazy\" decoding=\"async\" class=\"alignleft  wp-image-651\" src=\"http:\/\/oberle-stiftung.de\/wp-content\/uploads\/2015\/09\/AKL-BZ-Bild_-Mensch-schwebt-261x300.jpg\" alt=\"AKL BZ Bild_ Mensch schwebt\" width=\"183\" height=\"210\" srcset=\"https:\/\/oberle-stiftung.de\/wp-content\/uploads\/2015\/09\/AKL-BZ-Bild_-Mensch-schwebt-261x300.jpg 261w, https:\/\/oberle-stiftung.de\/wp-content\/uploads\/2015\/09\/AKL-BZ-Bild_-Mensch-schwebt.jpg 891w\" sizes=\"auto, (max-width: 183px) 100vw, 183px\" \/><\/a>Sie ritzen sich die Arme auf, sehen keinen Ausweg: Jugendliche in Deutschland geh\u00f6ren zu der Altersgruppe mit der h\u00f6chsten Suizidversuchsrate.<br \/>\nBei &#8222;U25&#8220; in Freiburg helfen Jugendliche anderen Jugendlichen.<br \/>\nDer Email-Posteingang leuchtet auf. Diesmal schreibt ein Junge. Er wird in der Schule heftig gemobbt und denkt dar\u00fcber nach, sich umzubringen.\u00a0 Das geht an Till weiter: \u201eK\u00f6nntest du das \u00fcbernehmen? Ich glaube es w\u00e4re besser, wenn ein m\u00e4nnlicher Peer antwortet\u201c.<\/p>\n<p style=\"text-align: justify;\">Beim AKL (Arbeitskreis Leben in Freiburg) dreht sich tagein und tagaus alles um Leben und Tod.<br \/>\nIn einem kleinen Raum des AKL sitzen sich zwei Menschen gegen\u00fcber. \u201eJa, er hatte schon einen Suizidversuch hinter sich. Aber ich war so voller Hoffnung, dass er es packt. Das wir es gemeinsam packen!&#8230; und dann war es doch so ein schnelles Ende\u201c, berichtet eine Betroffene leise. Ihr Sohn hatte sich das Leben genommen. Anfangs fiel sie in ein tiefes Loch.\u00a0 Dann kamen verzweifelte Fragen und Selbstvorw\u00fcrfe. Eine gro\u00dfe Leere im inneren Chaos. <a href=\"http:\/\/oberle-stiftung.de\/wp-content\/uploads\/2015\/09\/AKL_Teamsitzung_Schumacher.jpg\"><img loading=\"lazy\" decoding=\"async\" class=\"alignright  wp-image-650\" src=\"http:\/\/oberle-stiftung.de\/wp-content\/uploads\/2015\/09\/AKL_Teamsitzung_Schumacher-300x200.jpg\" alt=\"AKL_Teamsitzung_Schumacher\" width=\"260\" height=\"173\" srcset=\"https:\/\/oberle-stiftung.de\/wp-content\/uploads\/2015\/09\/AKL_Teamsitzung_Schumacher-300x200.jpg 300w, https:\/\/oberle-stiftung.de\/wp-content\/uploads\/2015\/09\/AKL_Teamsitzung_Schumacher-1024x681.jpg 1024w\" sizes=\"auto, (max-width: 260px) 100vw, 260px\" \/><\/a>Bei der Trauerbegleitung des AKL kann sie alles erz\u00e4hlen, sich von der Seele sprechen. \u201eMeine Freunde und Bekannten k\u00f6nnen es schon nicht mehr h\u00f6ren. Ich m\u00f6chte ihnen nicht auf die Nerven gehen\u201c, sagt sie. Hier wird zugeh\u00f6rt, hier kann sie Ungesagtes aussprechen. Sie kommt auch regelm\u00e4\u00dfig zu den Gruppenangeboten f\u00fcr zur\u00fcckgebliebene Angeh\u00f6rige. Das gibt ihr Kraft und sie hat dort zwei neue Freundinnen gefunden. Sie haben eine \u00e4hnliche Geschichte erlebt . Sie st\u00fctzen sich gegenseitig, wenn eine von ihnen\u00a0 in ein Loch zu fallen droht.<\/p>\n<p style=\"text-align: justify;\">Der AKL arbeitet in Einzelgespr\u00e4chen oder Trauergruppen.\u00a0 Erg\u00e4nzend\u00a0 werden Infoveranstaltungen angeboten. &#8222;Wichtig ist auch eine Enttabuisierung des Themas&#8220;, findet Wolfgang Stich, der den Arbeitskreis in Freiburg leitet. &#8222;So viele Menschen sind von dem Thema betroffen. Es ist wichtig, dass sie sich trauen, dar\u00fcber zu sprechen, und wissen, wo sie Hilfe finden k\u00f6nnen.&#8220;<br \/>\n<a href=\"http:\/\/oberle-stiftung.de\/wp-content\/uploads\/2015\/09\/AKL-FR-U25_Arbeitsplatz_Schumacher.jpg\"><img loading=\"lazy\" decoding=\"async\" class=\"alignleft size-medium wp-image-652\" src=\"http:\/\/oberle-stiftung.de\/wp-content\/uploads\/2015\/09\/AKL-FR-U25_Arbeitsplatz_Schumacher-300x200.jpg\" alt=\"AKL FR U25_Arbeitsplatz_Schumacher\" width=\"300\" height=\"200\" srcset=\"https:\/\/oberle-stiftung.de\/wp-content\/uploads\/2015\/09\/AKL-FR-U25_Arbeitsplatz_Schumacher-300x200.jpg 300w, https:\/\/oberle-stiftung.de\/wp-content\/uploads\/2015\/09\/AKL-FR-U25_Arbeitsplatz_Schumacher-1024x681.jpg 1024w\" sizes=\"auto, (max-width: 300px) 100vw, 300px\" \/><\/a>Herzst\u00fccke der Arbeit sind die pers\u00f6nliche Beratung, Alltagsbegleitung sowie Trauerbegleitung.<\/p>\n<p style=\"text-align: justify;\">Eine Frau meldet sich telefonisch. Sie m\u00f6chte beim gemeinsamen Spaziergang \u00fcber ihre Trauer sprechen: \u201eDrau\u00dfen f\u00e4llt mir das einfacher\u201c. Mit der Alltagsbegleiterin Heide trifft sie sich von nun an oft, um gemeinsam am Schlo\u00dfberg spazieren zu gehen oder dem Lauf der Dreisam zu folgen. Ihre Gespr\u00e4che pl\u00e4tschern dahin. Manchmal wird viel gesprochen, ein richtiger Redefluss sprudelt aus der Dame heraus. Ein andermal werden wenige Worte getauscht und trotzdem sp\u00fcrt sie die Unterst\u00fctzung der Alltagsbegleiterin. Ihr ist danach ein bisschen leichter zumute.<\/p>\n<p style=\"text-align: justify;\">Bei der Alltagsbegleitung m\u00f6chten ganz unterschiedliche Menschen ehrenamtlich anderen Menschen in Krisensituationen zur Seite\u00a0 stehen und sie durch die schwere Zeit auf einer \u201efreundschaftlichen Ebene\u201c begleiten.<\/p>\n<p style=\"text-align: justify;\">Die Oberle-Stiftung unterst\u00fctzt den AKL schon seit mehreren Jahren mit vielen kleinen &#8218;Finanzspritzen&#8216; .\u00a0 Je nach Bedarf, in unterschiedlicher Form und Gr\u00f6\u00dfenordnung.<\/p>\n<p style=\"text-align: justify;\"><img loading=\"lazy\" decoding=\"async\" class=\"alignright size-medium wp-image-649\" src=\"http:\/\/oberle-stiftung.de\/wp-content\/uploads\/2015\/09\/AKL-FR-Foyer-300x225.jpg\" alt=\"AKL FR Foyer\" width=\"300\" height=\"225\" srcset=\"https:\/\/oberle-stiftung.de\/wp-content\/uploads\/2015\/09\/AKL-FR-Foyer-300x225.jpg 300w, https:\/\/oberle-stiftung.de\/wp-content\/uploads\/2015\/09\/AKL-FR-Foyer-1024x768.jpg 1024w\" sizes=\"auto, (max-width: 300px) 100vw, 300px\" \/>Weitere Informationen zum <strong>\u00a0<a href=\"http:\/\/www.akl-freiburg.de\/\" target=\"_blank\">Arbeitskreis Leben (AKL)<\/a><\/strong>\u00a0und\u00a0<strong><a href=\"http:\/\/www.u25-freiburg.de\/\" target=\"_blank\">U25 Freiburg<\/a><\/strong><\/p>\n<p style=\"text-align: justify;\">Quelle:\u00a0Badische Zeitung \/Marlena Maerz<\/p>\n<p style=\"text-align: justify;\"><a href=\"http:\/\/www.badische-zeitung.de\/suedwest-1\/suizidpraevention-in-freiburg-jugendliche-helfen-jugendlichen--76666485.html\" target=\"_blank\"><strong>Suizidpr\u00e4vention in Freiburg: Jugendliche helfen Jugendlichen<\/strong> (ver\u00f6ffentlicht am Mi, 30. Oktober 2013 auf badische-zeitung.de)<\/a><\/p>\n","protected":false},"excerpt":{"rendered":"<p>Jugendliche helfen Jugendlichen bei der Suizidpr\u00e4vention &#8222;Julia, danke, wegen dir lebe ich noch&#8220;, wenn Julia diesen Satz in ihrem E-Mail-Postfach liest, dann wei\u00df die BWL-Studentin, dass sie das Richtige tut. Julia hilft Jugendlichen, die sie noch nie gesehen hat und wahrscheinlich auch nie sehen wird. Jugendlichen, die \u00fcberlegen, sich das Leben zu nehmen. Ihnen schreibt &hellip; <a href=\"https:\/\/oberle-stiftung.de\/?page_id=643\" class=\"more-link\"><span class=\"screen-reader-text\">Lebens-Hilfe!<\/span> weiterlesen <span class=\"meta-nav\">&rarr;<\/span><\/a><\/p>\n","protected":false},"author":3,"featured_media":0,"parent":58,"menu_order":0,"comment_status":"closed","ping_status":"closed","template":"","meta":{"ngg_post_thumbnail":0,"footnotes":""},"categories":[38,35,21],"tags":[],"class_list":["post-643","page","type-page","status-publish","hentry","category-hilfen-fuer-einzelne-menschen","category-hilfen-fuer-kinder-u-jugendliche","category-region-freiburg"],"_links":{"self":[{"href":"https:\/\/oberle-stiftung.de\/index.php?rest_route=\/wp\/v2\/pages\/643","targetHints":{"allow":["GET"]}}],"collection":[{"href":"https:\/\/oberle-stiftung.de\/index.php?rest_route=\/wp\/v2\/pages"}],"about":[{"href":"https:\/\/oberle-stiftung.de\/index.php?rest_route=\/wp\/v2\/types\/page"}],"author":[{"embeddable":true,"href":"https:\/\/oberle-stiftung.de\/index.php?rest_route=\/wp\/v2\/users\/3"}],"replies":[{"embeddable":true,"href":"https:\/\/oberle-stiftung.de\/index.php?rest_route=%2Fwp%2Fv2%2Fcomments&post=643"}],"version-history":[{"count":17,"href":"https:\/\/oberle-stiftung.de\/index.php?rest_route=\/wp\/v2\/pages\/643\/revisions"}],"predecessor-version":[{"id":2984,"href":"https:\/\/oberle-stiftung.de\/index.php?rest_route=\/wp\/v2\/pages\/643\/revisions\/2984"}],"up":[{"embeddable":true,"href":"https:\/\/oberle-stiftung.de\/index.php?rest_route=\/wp\/v2\/pages\/58"}],"wp:attachment":[{"href":"https:\/\/oberle-stiftung.de\/index.php?rest_route=%2Fwp%2Fv2%2Fmedia&parent=643"}],"wp:term":[{"taxonomy":"category","embeddable":true,"href":"https:\/\/oberle-stiftung.de\/index.php?rest_route=%2Fwp%2Fv2%2Fcategories&post=643"},{"taxonomy":"post_tag","embeddable":true,"href":"https:\/\/oberle-stiftung.de\/index.php?rest_route=%2Fwp%2Fv2%2Ftags&post=643"}],"curies":[{"name":"wp","href":"https:\/\/api.w.org\/{rel}","templated":true}]}}