{"id":706,"date":"2015-09-05T15:33:44","date_gmt":"2015-09-05T15:33:44","guid":{"rendered":"http:\/\/oberle-stiftung.de\/?page_id=706"},"modified":"2020-08-28T11:55:22","modified_gmt":"2020-08-28T11:55:22","slug":"coole-buecher-fuer-heisse-tage","status":"publish","type":"page","link":"https:\/\/oberle-stiftung.de\/?page_id=706","title":{"rendered":"Coole B\u00fccher f\u00fcr hei\u00dfe Tage"},"content":{"rendered":"<p style=\"text-align: justify;\"><a href=\"http:\/\/oberle-stiftung.de\/wp-content\/uploads\/2015\/09\/CooleBuecherSmall.jpg\"><img loading=\"lazy\" decoding=\"async\" class=\"alignright wp-image-2076 size-thumbnail\" src=\"http:\/\/oberle-stiftung.de\/wp-content\/uploads\/2015\/09\/CooleBuecherSmall-150x150.jpg\" alt=\"CooleBuecherSmall\" width=\"150\" height=\"150\" \/><\/a>Was haben alte K\u00fchlschr\u00e4nke und B\u00fccher auf den ersten Blick gemeinsam? Erst einmal gar nichts. Doch bei genauerem Hinsehen geben die beiden ein anschauliches und sehr erfolgreiches Paar ab. Wie? Das neue Herzst\u00fcck auf dem Tennenbacherplatz ist seit Sommer 2014 ein offenes B\u00fccherregal: Vier alte,\u00a0 umgebaute\u00a0 K\u00fchlschr\u00e4nke, prall gef\u00fcllt mit B\u00fcchern aus aller Herren L\u00e4nder. Wer Lust hat,\u00a0 kann sich zu jeder Tages- und Nachtzeit Lesestoff holen &#8230;<!--more--><\/p>\n<p style=\"text-align: justify;\"><a href=\"http:\/\/oberle-stiftung.de\/wp-content\/uploads\/2015\/09\/P1090120.jpg\"><img loading=\"lazy\" decoding=\"async\" class=\"alignleft size-medium wp-image-708\" src=\"http:\/\/oberle-stiftung.de\/wp-content\/uploads\/2015\/09\/P1090120-225x300.jpg\" alt=\"P1090120\" width=\"225\" height=\"300\" srcset=\"https:\/\/oberle-stiftung.de\/wp-content\/uploads\/2015\/09\/P1090120-225x300.jpg 225w, https:\/\/oberle-stiftung.de\/wp-content\/uploads\/2015\/09\/P1090120-768x1024.jpg 768w\" sizes=\"auto, (max-width: 225px) 100vw, 225px\" \/><\/a>&#8222;Wie viele B\u00fccher darf ich mir denn jetzt nehmen?&#8220;, will der Junge, der auf das offene B\u00fccherregal zusteuert, von Kulturb\u00fcrgermeister Ulrich von Kirchbach erst einmal\u00a0 wissen.<br \/>\nDessen Antwort f\u00e4llt diplomatisch aus: &#8222;Nicht mehr,\u00a0 als du auch lesen kannst.&#8220;<br \/>\nAuch sonst sind die Regeln ganz einfach: Wer will, kann sich B\u00fccher herausnehmen und\u00a0 wieder neue hineinstellen. V\u00f6llig kostenlos und ohne Anmeldung.<br \/>\nDass das erste offizielle offene B\u00fccherregal Freiburgs am Tennenbacher Platz in Br\u00fchl-Beurbarung steht, freut Christian Himmelsbach, den Vorsitzenden des Tr\u00e4gervereins: &#8222;Es ist toll, dass es gerade hier im Stadtteil, wo Lesen in der Freizeit keine Selbstverst\u00e4ndlichkeit ist, jetzt so eine M\u00f6glichkeit gibt, den Leuten B\u00fccher n\u00e4her zu bringen.&#8220; Auch zwei t\u00fcrkischsprachige Gruppen im Stadtteiltreff wollen mitwirken, es sollen auch B\u00fccher in anderen Sprachen verf\u00fcgbar sein.<\/p>\n<p style=\"text-align: justify;\">Damit das Regal weder leer steht noch zur Altpapier-M\u00fcllhalde verkommt, sieht das Team des nahe gelegenen Stadtteiltreffs Br\u00fchl-Beurbarung regelm\u00e4\u00dfig nach dem Rechten. &#8222;Anders ist so ein Vorhaben nicht denkbar&#8220;, sagt Kulturb\u00fcrgermeister Ulrich von Kirchbach, denn die Stadt k\u00f6nne die Verwaltung solcher Projekte nicht \u00fcbernehmen. Um die Instandhaltung des offenen B\u00fccherregals k\u00fcmmert sich der Stadtteiltreff.<\/p>\n<p style=\"text-align: justify;\"><a href=\"http:\/\/oberle-stiftung.de\/wp-content\/uploads\/2015\/09\/P1090121.jpg\"><img loading=\"lazy\" decoding=\"async\" class=\"alignright size-medium wp-image-709\" src=\"http:\/\/oberle-stiftung.de\/wp-content\/uploads\/2015\/09\/P1090121-225x300.jpg\" alt=\"P1090121\" width=\"225\" height=\"300\" srcset=\"https:\/\/oberle-stiftung.de\/wp-content\/uploads\/2015\/09\/P1090121-225x300.jpg 225w, https:\/\/oberle-stiftung.de\/wp-content\/uploads\/2015\/09\/P1090121-768x1024.jpg 768w\" sizes=\"auto, (max-width: 225px) 100vw, 225px\" \/><\/a>Anfangs gab es viele Bedenken, ein offenes B\u00fccherregal aufzubauen. Wird vandaliert? Werden die B\u00fccher gestohlen? Was, wenn die B\u00fcrgerinnen und B\u00fcrger kein Interesse haben? All diese Bedenken konnten schon nach kurzer Zeit in den Wind geschlagen werden. Egal zu welcher Jahreszeit, Tages- oder Nachtzeit, man sieht regelm\u00e4\u00dfig K\u00fchlschrankbesucher, die sich am B\u00fccherregal bedienen oder, wie auch Nathali\u00e9, B\u00fccher beisteuern. \u201eIch gehe gerne zu den K\u00fchlschr\u00e4nken und schaue welche neuen Exemplare dort liegen. Meist ist dort jemand anders anzutreffen, ich komme ins Gespr\u00e4ch und lerne dadurch auch Menschen in der Nachbarschaft kennen\u201c, so eine Bewohnerin der Tennenbacherstra\u00dfe.<br \/>\nDie K\u00fchlschr\u00e4nke als neues Herzst\u00fcck im Stadtteil sind also ein voller Erfolg!<\/p>\n<p style=\"text-align: justify;\">Quelle: Badische Zeitung \/ Tobias Heidenreich<\/p>\n<p style=\"text-align: justify;\"><a href=\"http:\/\/www.badische-zeitung.de\/freiburg-nord\/coole-buecher-fuer-heisse-tage\" target=\"_top\"><strong>Coole B\u00fccher f\u00fcr hei\u00dfe Tage<\/strong> (ver\u00f6ffentlicht am Sa, 20. Juli 2013 auf badische-zeitung.de)<\/a><\/p>\n","protected":false},"excerpt":{"rendered":"<p>Was haben alte K\u00fchlschr\u00e4nke und B\u00fccher auf den ersten Blick gemeinsam? Erst einmal gar nichts. Doch bei genauerem Hinsehen geben die beiden ein anschauliches und sehr erfolgreiches Paar ab. Wie? Das neue Herzst\u00fcck auf dem Tennenbacherplatz ist seit Sommer 2014 ein offenes B\u00fccherregal: Vier alte,\u00a0 umgebaute\u00a0 K\u00fchlschr\u00e4nke, prall gef\u00fcllt mit B\u00fcchern aus aller Herren L\u00e4nder. &hellip; <a href=\"https:\/\/oberle-stiftung.de\/?page_id=706\" class=\"more-link\"><span class=\"screen-reader-text\">Coole B\u00fccher f\u00fcr hei\u00dfe Tage<\/span> weiterlesen <span class=\"meta-nav\">&rarr;<\/span><\/a><\/p>\n","protected":false},"author":3,"featured_media":0,"parent":58,"menu_order":0,"comment_status":"closed","ping_status":"closed","template":"","meta":{"ngg_post_thumbnail":0,"footnotes":""},"categories":[35,21],"tags":[],"class_list":["post-706","page","type-page","status-publish","hentry","category-hilfen-fuer-kinder-u-jugendliche","category-region-freiburg"],"_links":{"self":[{"href":"https:\/\/oberle-stiftung.de\/index.php?rest_route=\/wp\/v2\/pages\/706","targetHints":{"allow":["GET"]}}],"collection":[{"href":"https:\/\/oberle-stiftung.de\/index.php?rest_route=\/wp\/v2\/pages"}],"about":[{"href":"https:\/\/oberle-stiftung.de\/index.php?rest_route=\/wp\/v2\/types\/page"}],"author":[{"embeddable":true,"href":"https:\/\/oberle-stiftung.de\/index.php?rest_route=\/wp\/v2\/users\/3"}],"replies":[{"embeddable":true,"href":"https:\/\/oberle-stiftung.de\/index.php?rest_route=%2Fwp%2Fv2%2Fcomments&post=706"}],"version-history":[{"count":12,"href":"https:\/\/oberle-stiftung.de\/index.php?rest_route=\/wp\/v2\/pages\/706\/revisions"}],"predecessor-version":[{"id":2998,"href":"https:\/\/oberle-stiftung.de\/index.php?rest_route=\/wp\/v2\/pages\/706\/revisions\/2998"}],"up":[{"embeddable":true,"href":"https:\/\/oberle-stiftung.de\/index.php?rest_route=\/wp\/v2\/pages\/58"}],"wp:attachment":[{"href":"https:\/\/oberle-stiftung.de\/index.php?rest_route=%2Fwp%2Fv2%2Fmedia&parent=706"}],"wp:term":[{"taxonomy":"category","embeddable":true,"href":"https:\/\/oberle-stiftung.de\/index.php?rest_route=%2Fwp%2Fv2%2Fcategories&post=706"},{"taxonomy":"post_tag","embeddable":true,"href":"https:\/\/oberle-stiftung.de\/index.php?rest_route=%2Fwp%2Fv2%2Ftags&post=706"}],"curies":[{"name":"wp","href":"https:\/\/api.w.org\/{rel}","templated":true}]}}