{"id":94,"date":"2015-02-24T12:48:31","date_gmt":"2015-02-24T12:48:31","guid":{"rendered":"http:\/\/oberle-stiftung.de\/?page_id=94"},"modified":"2021-04-14T12:14:11","modified_gmt":"2021-04-14T12:14:11","slug":"impressum","status":"publish","type":"page","link":"https:\/\/oberle-stiftung.de\/?page_id=94","title":{"rendered":"Impressum"},"content":{"rendered":"<h6><strong>Wilhelm Oberle-Stiftung<\/strong><\/h6>\n<p>Hauptstra\u00dfe 56, D-79219 Staufen<\/p>\n<p>info@oberle-stiftung.de<br \/>\nTel. 07633 \/ 98 17 00<\/p>\n<p>Vorstand: Clemens Oberle, Carmen Brenn, Cathrin von Essen<br \/>\nSteuernummer: 12180 \/ 70602<br \/>\nStiftungsverzeichnis: Regierungspr\u00e4sidium Freiburg, AZ 16\/2214.8<\/p>\n<h6><strong>Rechtliche Hinweise<\/strong>:<\/h6>\n<p>Mit dem Besuch oder der Benutzung unserer Internetseiten erkl\u00e4ren Sie sich mit den nachfolgenden Nutzungsbestimmungen einverstanden:<\/p>\n<h6>\u00a9 Copyright<\/h6>\n<p>Alle Texte, Bilder, Grafiken, Audio-Dateien und weitere hier ver\u00f6ffentlichte Informationen sowie deren Gestaltung (Inhalte) unterliegen einem urheberrechtlichen Schutz (Copyright). Eine Reproduktion und\/oder Wiedergabe des Ganzen oder von Teilen ist nur mit schriftlicher Genehmigung zul\u00e4ssig. Insbesondere ist es nicht zul\u00e4ssig, Bilder oder Aufmachungen aus dem Internetauftritt zu kopieren und f\u00fcr eigene Zwecke zu verwenden.<\/p>\n<h6>Haftungsausschluss<\/h6>\n<p>Die Inhalte unserer Internetseiten unterliegen einem permanenten Wandel. Die die Inhalte werden ohne Garantie auf Vollst\u00e4ndigkeit oder Richtigkeit zur Verf\u00fcgung gestellt. Die Oberle-Stiftung haftet nicht f\u00fcr unmittelbare oder mittelbare Sch\u00e4den (vertraglich und au\u00dfervertraglich) aufgrund der Benutzung der Informationen und Daten dieser Internetseiten, es sei denn im Fall von Vorsatz oder grober Fahrl\u00e4ssigkeit. Die Oberle-Stiftung \u00fcbernimmt keine Haftung oder Garantie f\u00fcr den Inhalt von Internetseiten, auf die unsere Webseite direkt oder indirekt verweist. Besucher folgen Verbindungen zu anderen Webseiten und Homepages auf eigene Gefahr und benutzen sie gem\u00e4\u00df den jeweils geltenden Nutzungsbedingungen der entsprechenden Webseiten.<\/p>\n<h6>Personenbezogene Daten:<\/h6>\n<p>in einigen Situationen, wie z. B. bei einer Online-Anfrage, ben\u00f6tigen wir pers\u00f6nliche Daten von Ihnen, um Ihre Anfrage korrekt bearbeiten zu k\u00f6nnen. Das Ausf\u00fcllen dieser Formulare ist Ihnen v\u00f6llig freigestellt. Die Nutzung Ihrer Daten erfolgt nur in dem daf\u00fcr jeweils erforderlichen Umfang.<\/p>\n","protected":false},"excerpt":{"rendered":"<p>Wilhelm Oberle-Stiftung Hauptstra\u00dfe 56, D-79219 Staufen info@oberle-stiftung.de Tel. 07633 \/ 98 17 00 Vorstand: Clemens Oberle, Carmen Brenn, Cathrin von Essen Steuernummer: 12180 \/ 70602 Stiftungsverzeichnis: Regierungspr\u00e4sidium Freiburg, AZ 16\/2214.8 Rechtliche Hinweise: Mit dem Besuch oder der Benutzung unserer Internetseiten erkl\u00e4ren Sie sich mit den nachfolgenden Nutzungsbestimmungen einverstanden: \u00a9 Copyright Alle Texte, Bilder, Grafiken, Audio-Dateien &hellip; <a href=\"https:\/\/oberle-stiftung.de\/?page_id=94\" class=\"more-link\"><span class=\"screen-reader-text\">Impressum<\/span> weiterlesen <span class=\"meta-nav\">&rarr;<\/span><\/a><\/p>\n","protected":false},"author":8,"featured_media":0,"parent":0,"menu_order":7,"comment_status":"closed","ping_status":"closed","template":"","meta":{"ngg_post_thumbnail":0,"footnotes":""},"categories":[],"tags":[],"class_list":["post-94","page","type-page","status-publish","hentry"],"_links":{"self":[{"href":"https:\/\/oberle-stiftung.de\/index.php?rest_route=\/wp\/v2\/pages\/94","targetHints":{"allow":["GET"]}}],"collection":[{"href":"https:\/\/oberle-stiftung.de\/index.php?rest_route=\/wp\/v2\/pages"}],"about":[{"href":"https:\/\/oberle-stiftung.de\/index.php?rest_route=\/wp\/v2\/types\/page"}],"author":[{"embeddable":true,"href":"https:\/\/oberle-stiftung.de\/index.php?rest_route=\/wp\/v2\/users\/8"}],"replies":[{"embeddable":true,"href":"https:\/\/oberle-stiftung.de\/index.php?rest_route=%2Fwp%2Fv2%2Fcomments&post=94"}],"version-history":[{"count":12,"href":"https:\/\/oberle-stiftung.de\/index.php?rest_route=\/wp\/v2\/pages\/94\/revisions"}],"predecessor-version":[{"id":3808,"href":"https:\/\/oberle-stiftung.de\/index.php?rest_route=\/wp\/v2\/pages\/94\/revisions\/3808"}],"wp:attachment":[{"href":"https:\/\/oberle-stiftung.de\/index.php?rest_route=%2Fwp%2Fv2%2Fmedia&parent=94"}],"wp:term":[{"taxonomy":"category","embeddable":true,"href":"https:\/\/oberle-stiftung.de\/index.php?rest_route=%2Fwp%2Fv2%2Fcategories&post=94"},{"taxonomy":"post_tag","embeddable":true,"href":"https:\/\/oberle-stiftung.de\/index.php?rest_route=%2Fwp%2Fv2%2Ftags&post=94"}],"curies":[{"name":"wp","href":"https:\/\/api.w.org\/{rel}","templated":true}]}}